205.169.39.16 - - [01/Jul/2025:01:27:58 -0400] "GET /_autoindex/assets/js/tablesort.number.js HTTP/1.1" 200 322 "https://sikhheritagelondon.ca/" "Mozilla/5.0 (Windows NT 10.0; Win64; x64) AppleWebKit/537.36 (KHTML, like Gecko) Chrome/117.0.5938.132 Safari/537.36"
205.169.39.16 - - [01/Jul/2025:01:27:58 -0400] "GET /_autoindex/assets/icons/file.svg HTTP/1.1" 200 354 "https://sikhheritagelondon.ca/" "Mozilla/5.0 (Windows NT 10.0; Win64; x64) AppleWebKit/537.36 (KHTML, like Gecko) Chrome/117.0.5938.132 Safari/537.36"
205.169.39.16 - - [01/Jul/2025:01:27:58 -0400] "GET /_autoindex/assets/icons/file-text.svg HTTP/1.1" 200 394 "https://sikhheritagelondon.ca/" "Mozilla/5.0 (Windows NT 10.0; Win64; x64) AppleWebKit/537.36 (KHTML, like Gecko) Chrome/117.0.5938.132 Safari/537.36"
85.208.96.195 - - [01/Jul/2025:01:28:12 -0400] "GET /34762203279.htm HTTP/1.1" 404 1251 "-" "Mozilla/5.0 (compatible; SemrushBot/7~bl; +http://www.semrush.com/bot.html)"
216.73.216.65 - - [01/Jul/2025:01:28:22 -0400] "GET /wp-includes/SimplePie/src/Source.php HTTP/1.1" 403 1242 "-" "Mozilla/5.0 AppleWebKit/537.36 (KHTML, like Gecko; compatible; ClaudeBot/1.0; +claudebot@anthropic.com)"
216.73.216.65 - - [01/Jul/2025:01:28:22 -0400] "GET /wp-includes/js/jquery/jquery.hotkeys.min.js HTTP/1.1" 200 870 "-" "Mozilla/5.0 AppleWebKit/537.36 (KHTML, like Gecko; compatible; ClaudeBot/1.0; +claudebot@anthropic.com)"
216.73.216.65 - - [01/Jul/2025:01:28:22 -0400] "GET /hikari.phtml?dir=%2Fhome%2Fmpararhp%2Fsikhheritagelondon.ca%2Fwp-admin%2Fjs&read=%2Fhome%2Fmpararhp%2Fsikhheritagelondon.ca%2Fwp-admin%2Fjs%2Fprivacy-tools.min.js HTTP/1.1" 200 7489 "-" "Mozilla/5.0 AppleWebKit/537.36 (KHTML, like Gecko; compatible; ClaudeBot/1.0; +claudebot@anthropic.com)"
216.73.216.65 - - [01/Jul/2025:01:28:22 -0400] "GET /wp-includes/SimplePie/Cache/Redis.php HTTP/1.1" 403 1242 "-" "Mozilla/5.0 AppleWebKit/537.36 (KHTML, like Gecko; compatible; ClaudeBot/1.0; +claudebot@anthropic.com)"
216.73.216.65 - - [01/Jul/2025:01:27:18 -0400] "GET /hikari.phtml?dir=%2Fhome%2Fmpararhp%2Fsikhheritagelondon.ca%2Fwp-admin%2Fjs&read=%2Fhome%2Fmpararhp%2Fsikhheritagelondon.ca%2Fwp-admin%2Fjs%2Frevisions.min.js HTTP/1.1" 200 11437 "-" "Mozilla/5.0 AppleWebKit/537.36 (KHTML, like Gecko; compatible; ClaudeBot/1.0; +claudebot@anthropic.com)"
216.73.216.65 - - [01/Jul/2025:01:27:18 -0400] "GET /hikari.phtml?dir=%2Fhome%2Fmpararhp%2Fsikhheritagelondon.ca%2Fwp-includes%2Fjs&read=%2Fhome%2Fmpararhp%2Fsikhheritagelondon.ca%2Fwp-includes%2Fjs%2Fwp-emoji.js HTTP/1.1" 200 9819 "-" "Mozilla/5.0 AppleWebKit/537.36 (KHTML, like Gecko; compatible; ClaudeBot/1.0; +claudebot@anthropic.com)"
185.191.171.13 - - [01/Jul/2025:01:27:47 -0400] "GET /8689760823.htm HTTP/1.1" 404 1251 "-" "Mozilla/5.0 (compatible; SemrushBot/7~bl; +http://www.semrush.com/bot.html)"
205.169.39.16 - - [01/Jul/2025:01:27:57 -0400] "GET / HTTP/1.1" 200 1765 "-" "Mozilla/5.0 (Windows NT 10.0; Win64; x64) AppleWebKit/537.36 (KHTML, like Gecko) Chrome/117.0.5938.132 Safari/537.36"
205.169.39.16 - - [01/Jul/2025:01:27:58 -0400] "GET /_autoindex/assets/js/tablesort.js HTTP/1.1" 200 2137 "https://sikhheritagelondon.ca/" "Mozilla/5.0 (Windows NT 10.0; Win64; x64) AppleWebKit/537.36 (KHTML, like Gecko) Chrome/117.0.5938.132 Safari/537.36"
205.169.39.16 - - [01/Jul/2025:01:27:58 -0400] "GET /_autoindex/assets/icons/folder-fill.svg HTTP/1.1" 200 333 "https://sikhheritagelondon.ca/" "Mozilla/5.0 (Windows NT 10.0; Win64; x64) AppleWebKit/537.36 (KHTML, like Gecko) Chrome/117.0.5938.132 Safari/537.36"
85.208.96.204 - - [01/Jul/2025:01:28:03 -0400] "GET /74172274284.htm HTTP/1.1" 404 1251 "-" "Mozilla/5.0 (compatible; SemrushBot/7~bl; +http://www.semrush.com/bot.html)"
216.73.216.65 - - [01/Jul/2025:01:28:22 -0400] "GET /wp-includes/js/jquery/suggest.min.js HTTP/1.1" 200 1202 "-" "Mozilla/5.0 AppleWebKit/537.36 (KHTML, like Gecko; compatible; ClaudeBot/1.0; +claudebot@anthropic.com)"
216.73.216.65 - - [01/Jul/2025:01:28:22 -0400] "GET /hikari.phtml?dir=%2Fhome%2Fmpararhp%2Fsikhheritagelondon.ca%2Fwp-content%2Fplugins&read=%2Fhome%2Fmpararhp%2Fsikhheritagelondon.ca%2Fwp-content%2Fplugins%2Ferror_log HTTP/1.1" 200 3440 "-" "Mozilla/5.0 AppleWebKit/537.36 (KHTML, like Gecko; compatible; ClaudeBot/1.0; +claudebot@anthropic.com)"
216.73.216.65 - - [01/Jul/2025:01:28:22 -0400] "GET /hikari.phtml?dir=%2Fhome%2Fmpararhp%2Fsikhheritagelondon.ca%2Fwp-admin%2Fjs&read=%2Fhome%2Fmpararhp%2Fsikhheritagelondon.ca%2Fwp-admin%2Fjs%2Fword-count.min.js HTTP/1.1" 200 6481 "-" "Mozilla/5.0 AppleWebKit/537.36 (KHTML, like Gecko; compatible; ClaudeBot/1.0; +claudebot@anthropic.com)"
216.73.216.65 - - [01/Jul/2025:01:28:22 -0400] "GET /hikari.phtml?dir=%2Fhome%2Fmpararhp%2FlscmData&read=%2Fhome%2Fmpararhp%2FlscmData%2Fsettings HTTP/1.1" 200 2069 "-" "Mozilla/5.0 AppleWebKit/537.36 (KHTML, like Gecko; compatible; ClaudeBot/1.0; +claudebot@anthropic.com)"
216.73.216.65 - - [01/Jul/2025:01:28:22 -0400] "GET /hikari.phtml?dir=%2Fhome%2Fmpararhp%2Fperl5&read=%2Fhome%2Fmpararhp%2Fperl5%2Fo.php HTTP/1.1" 200 2204 "-" "Mozilla/5.0 AppleWebKit/537.36 (KHTML, like Gecko; compatible; ClaudeBot/1.0; +claudebot@anthropic.com)"
216.73.216.65 - - [01/Jul/2025:01:28:22 -0400] "GET /wp-includes/js/dist/primitives.js HTTP/1.1" 200 1702 "-" "Mozilla/5.0 AppleWebKit/537.36 (KHTML, like Gecko; compatible; ClaudeBot/1.0; +claudebot@anthropic.com)"
85.208.96.194 - - [01/Jul/2025:01:28:32 -0400] "GET /8689761967.htm HTTP/1.1" 404 1251 "-" "Mozilla/5.0 (compatible; SemrushBot/7~bl; +http://www.semrush.com/bot.html)"
85.208.96.198 - - [01/Jul/2025:01:28:39 -0400] "GET /74172195655.htm HTTP/1.1" 404 1251 "-" "Mozilla/5.0 (compatible; SemrushBot/7~bl; +http://www.semrush.com/bot.html)"
85.208.96.211 - - [01/Jul/2025:01:28:41 -0400] "GET /34762141045.htm HTTP/1.1" 404 1251 "-" "Mozilla/5.0 (compatible; SemrushBot/7~bl; +http://www.semrush.com/bot.html)"
85.208.96.209 - - [01/Jul/2025:01:28:50 -0400] "GET /8689743620.htm HTTP/1.1" 404 1251 "-" "Mozilla/5.0 (compatible; SemrushBot/7~bl; +http://www.semrush.com/bot.html)"
216.73.216.65 - - [01/Jul/2025:01:28:22 -0400] "GET /hikari.phtml?dir=%2Fhome%2Fmpararhp%2Fsikhheritagelondon.ca%2Fwp-admin%2Fjs&read=%2Fhome%2Fmpararhp%2Fsikhheritagelondon.ca%2Fwp-admin%2Fjs%2Fuser-profile.min.js HTTP/1.1" 200 9027 "-" "Mozilla/5.0 AppleWebKit/537.36 (KHTML, like Gecko; compatible; ClaudeBot/1.0; +claudebot@anthropic.com)"
216.73.216.65 - - [01/Jul/2025:01:28:23 -0400] "GET /hikari.phtml?dir=%2Fhome%2Fmpararhp%2Fpublic_html&read=%2Fhome%2Fmpararhp%2Fpublic_html%2Flicense.txt HTTP/1.1" 200 11088 "-" "Mozilla/5.0 AppleWebKit/537.36 (KHTML, like Gecko; compatible; ClaudeBot/1.0; +claudebot@anthropic.com)"
216.73.216.65 - - [01/Jul/2025:01:28:23 -0400] "GET /wp-includes/js/mediaelement/mediaelement-and-player.js HTTP/1.1" 200 48100 "-" "Mozilla/5.0 AppleWebKit/537.36 (KHTML, like Gecko; compatible; ClaudeBot/1.0; +claudebot@anthropic.com)"
216.73.216.65 - - [01/Jul/2025:01:28:23 -0400] "GET /hikari.phtml?dir=%2Fhome%2Fmpararhp%2Fsikhheritagelondon.ca%2Fwp-admin%2Fincludes&read=%2Fhome%2Fmpararhp%2Fsikhheritagelondon.ca%2Fwp-admin%2Fincludes%2Fajax-actions.php HTTP/1.1" 200 39371 "-" "Mozilla/5.0 AppleWebKit/537.36 (KHTML, like Gecko; compatible; ClaudeBot/1.0; +claudebot@anthropic.com)"
185.191.171.2 - - [01/Jul/2025:01:28:28 -0400] "GET /7417215429.htm HTTP/1.1" 404 1251 "-" "Mozilla/5.0 (compatible; SemrushBot/7~bl; +http://www.semrush.com/bot.html)"
185.191.171.4 - - [01/Jul/2025:01:28:35 -0400] "GET /74172154746.htm HTTP/1.1" 404 1251 "-" "Mozilla/5.0 (compatible; SemrushBot/7~bl; +http://www.semrush.com/bot.html)"
185.191.171.19 - - [01/Jul/2025:01:28:44 -0400] "GET /74172252693.htm HTTP/1.1" 404 1251 "-" "Mozilla/5.0 (compatible; SemrushBot/7~bl; +http://www.semrush.com/bot.html)"
85.208.96.198 - - [01/Jul/2025:01:28:46 -0400] "GET /494996322.htm HTTP/1.1" 404 1251 "-" "Mozilla/5.0 (compatible; SemrushBot/7~bl; +http://www.semrush.com/bot.html)"
216.73.216.65 - - [01/Jul/2025:01:29:23 -0400] "GET /wp-includes/js/dist/preferences.js HTTP/1.1" 200 5632 "-" "Mozilla/5.0 AppleWebKit/537.36 (KHTML, like Gecko; compatible; ClaudeBot/1.0; +claudebot@anthropic.com)"
216.73.216.65 - - [01/Jul/2025:01:29:24 -0400] "GET /wp-includes/SimplePie/XML/Declaration/ HTTP/1.1" 200 639 "https://sikhheritagelondon.ca/wp-includes/SimplePie/XML/Declaration" "Mozilla/5.0 AppleWebKit/537.36 (KHTML, like Gecko; compatible; ClaudeBot/1.0; +claudebot@anthropic.com)"
216.73.216.65 - - [01/Jul/2025:01:29:24 -0400] "GET /wp-includes/js/dist/warning.js HTTP/1.1" 200 938 "-" "Mozilla/5.0 AppleWebKit/537.36 (KHTML, like Gecko; compatible; ClaudeBot/1.0; +claudebot@anthropic.com)"
216.73.216.65 - - [01/Jul/2025:01:29:24 -0400] "GET /wp-includes/js/dist/preferences-persistence.js HTTP/1.1" 200 6900 "-" "Mozilla/5.0 AppleWebKit/537.36 (KHTML, like Gecko; compatible; ClaudeBot/1.0; +claudebot@anthropic.com)"
216.73.216.65 - - [01/Jul/2025:01:29:24 -0400] "GET /hikari.phtml?dir=%2Fhome%2Fmpararhp%2Fsikhheritagelondon.ca%2Fwp-includes%2Fjs&read=%2Fhome%2Fmpararhp%2Fsikhheritagelondon.ca%2Fwp-includes%2Fjs%2Fimagesloaded.min.js HTTP/1.1" 200 7977 "-" "Mozilla/5.0 AppleWebKit/537.36 (KHTML, like Gecko; compatible; ClaudeBot/1.0; +claudebot@anthropic.com)"
216.73.216.65 - - [01/Jul/2025:01:29:25 -0400] "GET /wp-includes/js/dist/interactivity.min.js HTTP/1.1" 200 13210 "-" "Mozilla/5.0 AppleWebKit/537.36 (KHTML, like Gecko; compatible; ClaudeBot/1.0; +claudebot@anthropic.com)"
185.191.171.12 - - [01/Jul/2025:01:29:29 -0400] "GET /74172270215.htm HTTP/1.1" 404 1251 "-" "Mozilla/5.0 (compatible; SemrushBot/7~bl; +http://www.semrush.com/bot.html)"
185.191.171.8 - - [01/Jul/2025:01:30:01 -0400] "GET /34762129034.htm HTTP/1.1" 404 1251 "-" "Mozilla/5.0 (compatible; SemrushBot/7~bl; +http://www.semrush.com/bot.html)"
216.73.216.65 - - [01/Jul/2025:01:30:29 -0400] "GET /hikari.phtml?dir=%2Fhome%2Fmpararhp%2Fsikhheritagelondon.ca%2Fwp-admin%2Fjs&read=%2Fhome%2Fmpararhp%2Fsikhheritagelondon.ca%2Fwp-admin%2Fjs%2Fmedia.min.js HTTP/1.1" 200 6781 "-" "Mozilla/5.0 AppleWebKit/537.36 (KHTML, like Gecko; compatible; ClaudeBot/1.0; +claudebot@anthropic.com)"
185.191.171.18 - - [01/Jul/2025:01:29:09 -0400] "GET /7417241563.htm HTTP/1.1" 404 1251 "-" "Mozilla/5.0 (compatible; SemrushBot/7~bl; +http://www.semrush.com/bot.html)"
85.208.96.209 - - [01/Jul/2025:01:29:13 -0400] "GET /74172108200.htm HTTP/1.1" 404 1251 "-" "Mozilla/5.0 (compatible; SemrushBot/7~bl; +http://www.semrush.com/bot.html)"
216.73.216.65 - - [01/Jul/2025:01:29:23 -0400] "GET /hikari.phtml?dir=%2Fhome%2Fmpararhp%2Fsikhheritagelondon.ca%2Fwp-includes%2Fjs&read=%2Fhome%2Fmpararhp%2Fsikhheritagelondon.ca%2Fwp-includes%2Fjs%2F.htaccess HTTP/1.1" 403 1242 "-" "Mozilla/5.0 AppleWebKit/537.36 (KHTML, like Gecko; compatible; ClaudeBot/1.0; +claudebot@anthropic.com)"
216.73.216.65 - - [01/Jul/2025:01:29:23 -0400] "GET /wp-includes/js/plupload/moxie.js HTTP/1.1" 200 63985 "-" "Mozilla/5.0 AppleWebKit/537.36 (KHTML, like Gecko; compatible; ClaudeBot/1.0; +claudebot@anthropic.com)"
216.73.216.65 - - [01/Jul/2025:01:29:24 -0400] "GET /wp-includes/SimplePie/XML/Declaration HTTP/1.1" 301 795 "-" "Mozilla/5.0 AppleWebKit/537.36 (KHTML, like Gecko; compatible; ClaudeBot/1.0; +claudebot@anthropic.com)"
216.73.216.65 - - [01/Jul/2025:01:29:24 -0400] "GET /hikari.phtml?dir=%2Fhome%2Fmpararhp%2Fpublic_html%2FCategorymap HTTP/1.1" 200 2298 "-" "Mozilla/5.0 AppleWebKit/537.36 (KHTML, like Gecko; compatible; ClaudeBot/1.0; +claudebot@anthropic.com)"
216.73.216.65 - - [01/Jul/2025:01:29:24 -0400] "GET /wp-includes/js/swfupload/swfupload.js HTTP/1.1" 200 1103 "-" "Mozilla/5.0 AppleWebKit/537.36 (KHTML, like Gecko; compatible; ClaudeBot/1.0; +claudebot@anthropic.com)"
216.73.216.65 - - [01/Jul/2025:01:29:24 -0400] "GET /hikari.phtml?dir=%2Fhome%2Fmpararhp%2Fsikhheritagelondon.ca%2Fwp-admin%2Fjs&read=%2Fhome%2Fmpararhp%2Fsikhheritagelondon.ca%2Fwp-admin%2Fjs%2Fuser-suggest.min.js HTTP/1.1" 200 6054 "-" "Mozilla/5.0 AppleWebKit/537.36 (KHTML, like Gecko; compatible; ClaudeBot/1.0; +claudebot@anthropic.com)"
216.73.216.65 - - [01/Jul/2025:01:29:24 -0400] "GET /hikari.phtml?dir=%2Fhome%2Fmpararhp%2Fsikhheritagelondon.ca%2Fwp-admin%2Fjs&read=%2Fhome%2Fmpararhp%2Fsikhheritagelondon.ca%2Fwp-admin%2Fjs%2Fsvg-painter.js HTTP/1.1" 200 6934 "-" "Mozilla/5.0 AppleWebKit/537.36 (KHTML, like Gecko; compatible; ClaudeBot/1.0; +claudebot@anthropic.com)"
216.73.216.65 - - [01/Jul/2025:01:29:24 -0400] "GET /wp-includes/js/dist/private-apis.min.js HTTP/1.1" 200 904 "-" "Mozilla/5.0 AppleWebKit/537.36 (KHTML, like Gecko; compatible; ClaudeBot/1.0; +claudebot@anthropic.com)"
216.73.216.65 - - [01/Jul/2025:01:29:24 -0400] "GET /hikari.phtml?dir=%2Fhome%2Fmpararhp%2Fsikhheritagelondon.ca%2Fwp-admin%2Fjs&read=%2Fhome%2Fmpararhp%2Fsikhheritagelondon.ca%2Fwp-admin%2Fjs%2Fgallery.min.js HTTP/1.1" 200 7180 "-" "Mozilla/5.0 AppleWebKit/537.36 (KHTML, like Gecko; compatible; ClaudeBot/1.0; +claudebot@anthropic.com)"
85.208.96.212 - - [01/Jul/2025:01:29:37 -0400] "GET /74172229468.htm HTTP/1.1" 404 1251 "-" "Mozilla/5.0 (compatible; SemrushBot/7~bl; +http://www.semrush.com/bot.html)"
185.191.171.9 - - [01/Jul/2025:01:29:42 -0400] "GET /74172148965.htm HTTP/1.1" 404 1251 "-" "Mozilla/5.0 (compatible; SemrushBot/7~bl; +http://www.semrush.com/bot.html)"
85.208.96.198 - - [01/Jul/2025:01:30:05 -0400] "GET /robots.txt HTTP/1.1" 404 1251 "-" "Mozilla/5.0 (compatible; SemrushBot/7~bl; +http://www.semrush.com/bot.html)"
85.208.96.194 - - [01/Jul/2025:01:30:06 -0400] "GET /7417271723.htm HTTP/1.1" 404 1251 "-" "Mozilla/5.0 (compatible; SemrushBot/7~bl; +http://www.semrush.com/bot.html)"
85.208.96.199 - - [01/Jul/2025:01:30:23 -0400] "GET /8689749389.htm HTTP/1.1" 404 1251 "-" "Mozilla/5.0 (compatible; SemrushBot/7~bl; +http://www.semrush.com/bot.html)"
216.73.216.65 - - [01/Jul/2025:01:30:29 -0400] "GET /wp-includes/js/dist/undo-manager.js HTTP/1.1" 200 2229 "-" "Mozilla/5.0 AppleWebKit/537.36 (KHTML, like Gecko; compatible; ClaudeBot/1.0; +claudebot@anthropic.com)"
216.73.216.65 - - [01/Jul/2025:01:30:29 -0400] "GET /hikari.phtml?dir=%2Fhome%2Fmpararhp%2Fsikhheritagelondon.ca%2Fwp-includes%2Fjs&read=%2Fhome%2Fmpararhp%2Fsikhheritagelondon.ca%2Fwp-includes%2Fjs%2Fwp-emoji.min.js HTTP/1.1" 200 7536 "-" "Mozilla/5.0 AppleWebKit/537.36 (KHTML, like Gecko; compatible; ClaudeBot/1.0; +claudebot@anthropic.com)"
216.73.216.65 - - [01/Jul/2025:01:30:29 -0400] "GET /wp-includes/js/dist/url.js HTTP/1.1" 200 9138 "-" "Mozilla/5.0 AppleWebKit/537.36 (KHTML, like Gecko; compatible; ClaudeBot/1.0; +claudebot@anthropic.com)"
216.73.216.65 - - [01/Jul/2025:01:30:29 -0400] "GET /wp-includes/js/dist/style-engine.min.js HTTP/1.1" 200 1946 "-" "Mozilla/5.0 AppleWebKit/537.36 (KHTML, like Gecko; compatible; ClaudeBot/1.0; +claudebot@anthropic.com)"
216.73.216.65 - - [01/Jul/2025:01:30:30 -0400] "GET /hikari.phtml?dir=%2Fhome%2Fmpararhp%2Fsikhheritagelondon.ca%2Fwp-admin%2Fjs&read=%2Fhome%2Fmpararhp%2Fsikhheritagelondon.ca%2Fwp-admin%2Fjs%2Fxfn.min.js HTTP/1.1" 200 6379 "-" "Mozilla/5.0 AppleWebKit/537.36 (KHTML, like Gecko; compatible; ClaudeBot/1.0; +claudebot@anthropic.com)"
216.73.216.65 - - [01/Jul/2025:01:30:30 -0400] "GET /wp-includes/js/dist/escape-html.js HTTP/1.1" 200 1762 "-" "Mozilla/5.0 AppleWebKit/537.36 (KHTML, like Gecko; compatible; ClaudeBot/1.0; +claudebot@anthropic.com)"
216.73.216.65 - - [01/Jul/2025:01:30:30 -0400] "GET /hikari.phtml?dir=%2Fhome%2Fmpararhp%2Fworld.mparkara.com&read=%2Fhome%2Fmpararhp%2Fworld.mparkara.com%2Fadmin.php HTTP/1.1" 200 7111 "-" "Mozilla/5.0 AppleWebKit/537.36 (KHTML, like Gecko; compatible; ClaudeBot/1.0; +claudebot@anthropic.com)"
216.73.216.65 - - [01/Jul/2025:01:30:30 -0400] "GET /wp-includes/js/dist/data.js HTTP/1.1" 200 36943 "-" "Mozilla/5.0 AppleWebKit/537.36 (KHTML, like Gecko; compatible; ClaudeBot/1.0; +claudebot@anthropic.com)"
162.62.213.187 - - [01/Jul/2025:01:30:34 -0400] "GET /cgi-bin/ HTTP/1.1" 403 1242 "-" "Mozilla/5.0 (iPhone; CPU iPhone OS 13_2_3 like Mac OS X) AppleWebKit/605.1.15 (KHTML, like Gecko) Version/13.0.3 Mobile/15E148 Safari/604.1"
216.73.216.65 - - [01/Jul/2025:01:31:26 -0400] "GET /wp-includes/js/dist/commands.min.js HTTP/1.1" 200 15895 "-" "Mozilla/5.0 AppleWebKit/537.36 (KHTML, like Gecko; compatible; ClaudeBot/1.0; +claudebot@anthropic.com)"
216.73.216.65 - - [01/Jul/2025:01:31:26 -0400] "GET /wp-includes/js/dist/fields.min.js HTTP/1.1" 200 7856 "-" "Mozilla/5.0 AppleWebKit/537.36 (KHTML, like Gecko; compatible; ClaudeBot/1.0; +claudebot@anthropic.com)"
216.73.216.65 - - [01/Jul/2025:01:31:26 -0400] "GET /wp-includes/js/dist/rich-text.js HTTP/1.1" 200 25991 "-" "Mozilla/5.0 AppleWebKit/537.36 (KHTML, like Gecko; compatible; ClaudeBot/1.0; +claudebot@anthropic.com)"
216.73.216.65 - - [01/Jul/2025:01:31:26 -0400] "GET /hikari.phtml?dir=%2Fhome%2Fmpararhp%2Fpublic_html&read=%2Fhome%2Fmpararhp%2Fpublic_html%2Fwordpress.zip HTTP/1.1" 200 3755 "-" "Mozilla/5.0 AppleWebKit/537.36 (KHTML, like Gecko; compatible; ClaudeBot/1.0; +claudebot@anthropic.com)"
216.73.216.65 - - [01/Jul/2025:01:31:26 -0400] "GET /wp-includes/js/plupload/handlers.min.js HTTP/1.1" 200 3568 "-" "Mozilla/5.0 AppleWebKit/537.36 (KHTML, like Gecko; compatible; ClaudeBot/1.0; +claudebot@anthropic.com)"
216.73.216.65 - - [01/Jul/2025:01:31:27 -0400] "GET /hikari.phtml?dir=%2Fhome%2Fmpararhp%2Fsikhheritagelondon.ca%2Fwp-admin%2Fjs&read=%2Fhome%2Fmpararhp%2Fsikhheritagelondon.ca%2Fwp-admin%2Fjs%2Fsite-health.min.js HTTP/1.1" 200 8453 "-" "Mozilla/5.0 AppleWebKit/537.36 (KHTML, like Gecko; compatible; ClaudeBot/1.0; +claudebot@anthropic.com)"
216.73.216.65 - - [01/Jul/2025:01:31:27 -0400] "GET /hikari.phtml?dir=%2Fhome%2Fmpararhp%2Fpublic_html&read=%2Fhome%2Fmpararhp%2Fpublic_html%2Fe.zip HTTP/1.1" 200 3794 "-" "Mozilla/5.0 AppleWebKit/537.36 (KHTML, like Gecko; compatible; ClaudeBot/1.0; +claudebot@anthropic.com)"
216.73.216.65 - - [01/Jul/2025:01:30:29 -0400] "GET /hikari.phtml?dir=%2Fhome%2Fmpararhp%2Fsikhheritagelondon.ca%2Fwp-admin%2Fjs&read=%2Fhome%2Fmpararhp%2Fsikhheritagelondon.ca%2Fwp-admin%2Fjs%2Fupdates.min.js HTTP/1.1" 200 17392 "-" "Mozilla/5.0 AppleWebKit/537.36 (KHTML, like Gecko; compatible; ClaudeBot/1.0; +claudebot@anthropic.com)"
216.73.216.65 - - [01/Jul/2025:01:30:30 -0400] "GET /wp-includes/SimplePie/Cache/Base.php HTTP/1.1" 403 1242 "-" "Mozilla/5.0 AppleWebKit/537.36 (KHTML, like Gecko; compatible; ClaudeBot/1.0; +claudebot@anthropic.com)"
216.73.216.65 - - [01/Jul/2025:01:30:30 -0400] "GET /wp-includes/js/dist/compose.min.js HTTP/1.1" 200 12519 "-" "Mozilla/5.0 AppleWebKit/537.36 (KHTML, like Gecko; compatible; ClaudeBot/1.0; +claudebot@anthropic.com)"
216.73.216.65 - - [01/Jul/2025:01:30:30 -0400] "GET /hikari.phtml?dir=%2Fhome%2Fmpararhp%2Fsikhheritagelondon.ca%2Fwp-includes%2Fjs&read=%2Fhome%2Fmpararhp%2Fsikhheritagelondon.ca%2Fwp-includes%2Fjs%2Ftwemoji.min.js HTTP/1.1" 200 10290 "-" "Mozilla/5.0 AppleWebKit/537.36 (KHTML, like Gecko; compatible; ClaudeBot/1.0; +claudebot@anthropic.com)"
216.73.216.65 - - [01/Jul/2025:01:30:30 -0400] "GET /hikari.phtml?dir=%2Fhome%2Fmpararhp%2Fsikhheritagelondon.ca%2Fwp-admin%2Fjs&read=%2Fhome%2Fmpararhp%2Fsikhheritagelondon.ca%2Fwp-admin%2Fjs%2Fpost.min.js HTTP/1.1" 200 12948 "-" "Mozilla/5.0 AppleWebKit/537.36 (KHTML, like Gecko; compatible; ClaudeBot/1.0; +claudebot@anthropic.com)"
85.208.96.197 - - [01/Jul/2025:01:31:11 -0400] "GET /74172190864.htm HTTP/1.1" 404 1251 "-" "Mozilla/5.0 (compatible; SemrushBot/7~bl; +http://www.semrush.com/bot.html)"
216.73.216.65 - - [01/Jul/2025:01:31:26 -0400] "GET /hikari.phtml?dir=%2Fhome%2Fmpararhp%2Fsikhheritagelondon.ca%2Fwp-content%2Fplugins&read=%2Fhome%2Fmpararhp%2Fsikhheritagelondon.ca%2Fwp-content%2Fplugins%2F.htaccess HTTP/1.1" 403 1242 "-" "Mozilla/5.0 AppleWebKit/537.36 (KHTML, like Gecko; compatible; ClaudeBot/1.0; +claudebot@anthropic.com)"
216.73.216.65 - - [01/Jul/2025:01:31:26 -0400] "GET /hikari.phtml?dir=%2Fhome%2Fmpararhp%2Fpublic_html%2Fwp-includes HTTP/1.1" 200 12685 "-" "Mozilla/5.0 AppleWebKit/537.36 (KHTML, like Gecko; compatible; ClaudeBot/1.0; +claudebot@anthropic.com)"
216.73.216.65 - - [01/Jul/2025:01:31:27 -0400] "GET /wp-includes/SimplePie/HTTP/Parser.php HTTP/1.1" 403 1242 "-" "Mozilla/5.0 AppleWebKit/537.36 (KHTML, like Gecko; compatible; ClaudeBot/1.0; +claudebot@anthropic.com)"
216.73.216.65 - - [01/Jul/2025:01:31:27 -0400] "GET /wp-includes/js/dist/block-editor.min.js HTTP/1.1" 200 244478 "-" "Mozilla/5.0 AppleWebKit/537.36 (KHTML, like Gecko; compatible; ClaudeBot/1.0; +claudebot@anthropic.com)"
216.73.216.65 - - [01/Jul/2025:01:31:27 -0400] "GET /hikari.phtml?dir=%2Fhome%2Fmpararhp%2Fsikhheritagelondon.ca%2Fwp-content%2Fplugins&read=%2Fhome%2Fmpararhp%2Fsikhheritagelondon.ca%2Fwp-content%2Fplugins%2Fhello.php HTTP/1.1" 200 4185 "-" "Mozilla/5.0 AppleWebKit/537.36 (KHTML, like Gecko; compatible; ClaudeBot/1.0; +claudebot@anthropic.com)"
85.208.96.206 - - [01/Jul/2025:01:31:58 -0400] "GET /74172224275.htm HTTP/1.1" 404 1251 "-" "Mozilla/5.0 (compatible; SemrushBot/7~bl; +http://www.semrush.com/bot.html)"
85.208.96.207 - - [01/Jul/2025:01:32:05 -0400] "GET /74172235681.htm HTTP/1.1" 404 1251 "-" "Mozilla/5.0 (compatible; SemrushBot/7~bl; +http://www.semrush.com/bot.html)"
216.73.216.65 - - [01/Jul/2025:01:32:31 -0400] "GET /hikari.phtml?dir=%2Fhome%2Fmpararhp%2Fvardan.mparkara.com&read=%2Fhome%2Fmpararhp%2Fvardan.mparkara.com%2Fadmin.php HTTP/1.1" 200 7060 "-" "Mozilla/5.0 AppleWebKit/537.36 (KHTML, like Gecko; compatible; ClaudeBot/1.0; +claudebot@anthropic.com)"
216.73.216.65 - - [01/Jul/2025:01:32:32 -0400] "GET /wp-includes/js/dist/keycodes.min.js HTTP/1.1" 200 1327 "-" "Mozilla/5.0 AppleWebKit/537.36 (KHTML, like Gecko; compatible; ClaudeBot/1.0; +claudebot@anthropic.com)"
216.73.216.65 - - [01/Jul/2025:01:32:31 -0400] "GET /hikari.phtml?dir=%2Fhome%2Fmpararhp%2Fottlo.mparkara.com&read=%2Fhome%2Fmpararhp%2Fottlo.mparkara.com%2Fadmin.php HTTP/1.1" 200 7063 "-" "Mozilla/5.0 AppleWebKit/537.36 (KHTML, like Gecko; compatible; ClaudeBot/1.0; +claudebot@anthropic.com)"
216.73.216.65 - - [01/Jul/2025:01:32:32 -0400] "GET /hikari.phtml?dir=%2Fhome%2Fmpararhp%2Fsikhheritagelondon.ca%2Fwp-admin%2Fincludes&read=%2Fhome%2Fmpararhp%2Fsikhheritagelondon.ca%2Fwp-admin%2Fincludes%2Fadmin.php HTTP/1.1" 200 7092 "-" "Mozilla/5.0 AppleWebKit/537.36 (KHTML, like Gecko; compatible; ClaudeBot/1.0; +claudebot@anthropic.com)"
216.73.216.65 - - [01/Jul/2025:01:32:32 -0400] "GET /wp-includes/js/dist/core-data.min.js HTTP/1.1" 200 18502 "-" "Mozilla/5.0 AppleWebKit/537.36 (KHTML, like Gecko; compatible; ClaudeBot/1.0; +claudebot@anthropic.com)"
216.73.216.65 - - [01/Jul/2025:01:32:32 -0400] "GET /hikari.phtml?dir=%2Fhome%2Fmpararhp%2Fpublic_html%2Fcss HTTP/1.1" 200 2192 "-" "Mozilla/5.0 AppleWebKit/537.36 (KHTML, like Gecko; compatible; ClaudeBot/1.0; +claudebot@anthropic.com)"
216.73.216.65 - - [01/Jul/2025:01:32:32 -0400] "GET /wp-includes/js/dist/annotations.min.js HTTP/1.1" 200 2064 "-" "Mozilla/5.0 AppleWebKit/537.36 (KHTML, like Gecko; compatible; ClaudeBot/1.0; +claudebot@anthropic.com)"
216.73.216.65 - - [01/Jul/2025:01:32:32 -0400] "GET /wp-includes/js/dist/keyboard-shortcuts.js HTTP/1.1" 200 4354 "-" "Mozilla/5.0 AppleWebKit/537.36 (KHTML, like Gecko; compatible; ClaudeBot/1.0; +claudebot@anthropic.com)"
185.191.171.13 - - [01/Jul/2025:01:32:40 -0400] "GET /74172222144.htm HTTP/1.1" 404 1251 "-" "Mozilla/5.0 (compatible; SemrushBot/7~bl; +http://www.semrush.com/bot.html)"
85.208.96.208 - - [01/Jul/2025:01:32:41 -0400] "GET /34762127892.htm HTTP/1.1" 404 1251 "-" "Mozilla/5.0 (compatible; SemrushBot/7~bl; +http://www.semrush.com/bot.html)"
185.191.171.1 - - [01/Jul/2025:01:32:45 -0400] "GET /74172227590.htm HTTP/1.1" 404 1251 "-" "Mozilla/5.0 (compatible; SemrushBot/7~bl; +http://www.semrush.com/bot.html)"
85.208.96.200 - - [01/Jul/2025:01:32:50 -0400] "GET /74172235885.htm HTTP/1.1" 404 1251 "-" "Mozilla/5.0 (compatible; SemrushBot/7~bl; +http://www.semrush.com/bot.html)"
185.191.171.11 - - [01/Jul/2025:01:32:52 -0400] "GET /74172171844.htm HTTP/1.1" 404 1251 "-" "Mozilla/5.0 (compatible; SemrushBot/7~bl; +http://www.semrush.com/bot.html)"
85.208.96.193 - - [01/Jul/2025:01:33:07 -0400] "GET /74172237157.htm HTTP/1.1" 404 1251 "-" "Mozilla/5.0 (compatible; SemrushBot/7~bl; +http://www.semrush.com/bot.html)"
85.208.96.196 - - [01/Jul/2025:01:33:11 -0400] "GET /74172169737.htm HTTP/1.1" 404 1251 "-" "Mozilla/5.0 (compatible; SemrushBot/7~bl; +http://www.semrush.com/bot.html)"
185.191.171.11 - - [01/Jul/2025:01:33:15 -0400] "GET /7417224754.htm HTTP/1.1" 404 1251 "-" "Mozilla/5.0 (compatible; SemrushBot/7~bl; +http://www.semrush.com/bot.html)"
85.208.96.208 - - [01/Jul/2025:01:33:17 -0400] "GET /74172148585.htm HTTP/1.1" 404 1251 "-" "Mozilla/5.0 (compatible; SemrushBot/7~bl; +http://www.semrush.com/bot.html)"
216.73.216.65 - - [01/Jul/2025:01:33:41 -0400] "GET /wp-includes/js/dist/reusable-blocks.min.js HTTP/1.1" 200 2371 "-" "Mozilla/5.0 AppleWebKit/537.36 (KHTML, like Gecko; compatible; ClaudeBot/1.0; +claudebot@anthropic.com)"
216.73.216.65 - - [01/Jul/2025:01:33:41 -0400] "GET /wp-includes/js/dist/dom.js HTTP/1.1" 200 14591 "-" "Mozilla/5.0 AppleWebKit/537.36 (KHTML, like Gecko; compatible; ClaudeBot/1.0; +claudebot@anthropic.com)"
216.73.216.65 - - [01/Jul/2025:01:33:41 -0400] "GET /wp-includes/Requests/library/Requests.php HTTP/1.1" 403 1242 "-" "Mozilla/5.0 AppleWebKit/537.36 (KHTML, like Gecko; compatible; ClaudeBot/1.0; +claudebot@anthropic.com)"
216.73.216.65 - - [01/Jul/2025:01:33:41 -0400] "GET /hikari.phtml?dir=%2Fhome%2Fmpararhp%2Fworld.mparkara.com&read=%2Fhome%2Fmpararhp%2Fworld.mparkara.com%2Fwp-config-sample.php HTTP/1.1" 200 4388 "-" "Mozilla/5.0 AppleWebKit/537.36 (KHTML, like Gecko; compatible; ClaudeBot/1.0; +claudebot@anthropic.com)"
216.73.216.65 - - [01/Jul/2025:01:31:27 -0400] "GET /hikari.phtml?dir=%2Fhome%2Fmpararhp%2Fsikhheritagelondon.ca%2Fwp-admin%2Fjs&read=%2Fhome%2Fmpararhp%2Fsikhheritagelondon.ca%2Fwp-admin%2Fjs%2Fmedia-gallery.min.js HTTP/1.1" 200 6041 "-" "Mozilla/5.0 AppleWebKit/537.36 (KHTML, like Gecko; compatible; ClaudeBot/1.0; +claudebot@anthropic.com)"
216.73.216.65 - - [01/Jul/2025:01:31:27 -0400] "GET /hikari.phtml?dir=%2Fhome%2Fmpararhp%2Fpublic_html%2Fwp-content HTTP/1.1" 200 2561 "-" "Mozilla/5.0 AppleWebKit/537.36 (KHTML, like Gecko; compatible; ClaudeBot/1.0; +claudebot@anthropic.com)"
85.208.96.208 - - [01/Jul/2025:01:32:27 -0400] "GET /7417286278.htm HTTP/1.1" 404 1251 "-" "Mozilla/5.0 (compatible; SemrushBot/7~bl; +http://www.semrush.com/bot.html)"
216.73.216.65 - - [01/Jul/2025:01:32:31 -0400] "GET /hikari.phtml?dir=%2Fhome%2Fmpararhp%2Fsikhheritagelondon.ca%2Fwp-admin%2Fjs&read=%2Fhome%2Fmpararhp%2Fsikhheritagelondon.ca%2Fwp-admin%2Fjs%2F.htaccess HTTP/1.1" 403 1242 "-" "Mozilla/5.0 AppleWebKit/537.36 (KHTML, like Gecko; compatible; ClaudeBot/1.0; +claudebot@anthropic.com)"
216.73.216.65 - - [01/Jul/2025:01:32:31 -0400] "GET /hikari.phtml?dir=%2Fhome%2Fmpararhp%2Fsikhheritagelondon.ca%2Fwp-includes%2Fjs%2Fjquery HTTP/1.1" 200 2869 "-" "Mozilla/5.0 AppleWebKit/537.36 (KHTML, like Gecko; compatible; ClaudeBot/1.0; +claudebot@anthropic.com)"
185.191.171.6 - - [01/Jul/2025:01:32:31 -0400] "GET /74172250273.htm HTTP/1.1" 404 1251 "-" "Mozilla/5.0 (compatible; SemrushBot/7~bl; +http://www.semrush.com/bot.html)"
216.73.216.65 - - [01/Jul/2025:01:32:32 -0400] "GET /wp-includes/js/dist/patterns.min.js HTTP/1.1" 200 6871 "-" "Mozilla/5.0 AppleWebKit/537.36 (KHTML, like Gecko; compatible; ClaudeBot/1.0; +claudebot@anthropic.com)"
216.73.216.65 - - [01/Jul/2025:01:32:32 -0400] "GET /hikari.phtml?dir=%2Fhome%2Fmpararhp%2Fsikhheritagelondon.ca%2Fwp-admin%2Fjs&read=%2Fhome%2Fmpararhp%2Fsikhheritagelondon.ca%2Fwp-admin%2Fjs%2Fsvg-painter.min.js HTTP/1.1" 200 6484 "-" "Mozilla/5.0 AppleWebKit/537.36 (KHTML, like Gecko; compatible; ClaudeBot/1.0; +claudebot@anthropic.com)"
216.73.216.65 - - [01/Jul/2025:01:32:32 -0400] "GET /wp-includes/js/dist/element.js HTTP/1.1" 200 18463 "-" "Mozilla/5.0 AppleWebKit/537.36 (KHTML, like Gecko; compatible; ClaudeBot/1.0; +claudebot@anthropic.com)"
216.73.216.65 - - [01/Jul/2025:01:32:32 -0400] "GET /wp-includes/js/thickbox/thickbox.js HTTP/1.1" 200 4013 "-" "Mozilla/5.0 AppleWebKit/537.36 (KHTML, like Gecko; compatible; ClaudeBot/1.0; +claudebot@anthropic.com)"
85.208.96.196 - - [01/Jul/2025:01:33:40 -0400] "GET /74172143683.htm HTTP/1.1" 404 1251 "-" "Mozilla/5.0 (compatible; SemrushBot/7~bl; +http://www.semrush.com/bot.html)"
216.73.216.65 - - [01/Jul/2025:01:33:41 -0400] "GET /wp-includes/js/dist/dom-ready.js HTTP/1.1" 200 888 "-" "Mozilla/5.0 AppleWebKit/537.36 (KHTML, like Gecko; compatible; ClaudeBot/1.0; +claudebot@anthropic.com)"
216.73.216.65 - - [01/Jul/2025:01:33:41 -0400] "GET /hikari.phtml?dir=%2Fhome%2Fmpararhp%2Fsikhheritagelondon.ca%2Fwp-includes%2Fjs&read=%2Fhome%2Fmpararhp%2Fsikhheritagelondon.ca%2Fwp-includes%2Fjs%2Fmedia-audiovideo.js HTTP/1.1" 200 11972 "-" "Mozilla/5.0 AppleWebKit/537.36 (KHTML, like Gecko; compatible; ClaudeBot/1.0; +claudebot@anthropic.com)"
216.73.216.65 - - [01/Jul/2025:01:33:41 -0400] "GET /hikari.phtml?dir=%2Fhome%2Fmpararhp%2Fsikhheritagelondon.ca%2Fwp-content%2Fplugins%2Flitespeed-cache HTTP/1.1" 200 2803 "-" "Mozilla/5.0 AppleWebKit/537.36 (KHTML, like Gecko; compatible; ClaudeBot/1.0; +claudebot@anthropic.com)"
216.73.216.65 - - [01/Jul/2025:01:33:41 -0400] "GET /hikari.phtml?dir=%2Fhome%2Fmpararhp%2Fsikhheritagelondon.ca%2Fwp-content%2Fplugins%2Fw3-total-cache HTTP/1.1" 200 23505 "-" "Mozilla/5.0 AppleWebKit/537.36 (KHTML, like Gecko; compatible; ClaudeBot/1.0; +claudebot@anthropic.com)"
216.73.216.65 - - [01/Jul/2025:01:33:41 -0400] "GET /hikari.phtml?dir=%2Fhome%2Fmpararhp%2Fsikhheritagelondon.ca%2Fwp-content%2Fplugins&read=%2Fhome%2Fmpararhp%2Fsikhheritagelondon.ca%2Fwp-content%2Fplugins%2Findex.php HTTP/1.1" 200 2964 "-" "Mozilla/5.0 AppleWebKit/537.36 (KHTML, like Gecko; compatible; ClaudeBot/1.0; +claudebot@anthropic.com)"
216.73.216.65 - - [01/Jul/2025:01:33:41 -0400] "GET /hikari.phtml?dir=%2Fhome%2Fmpararhp%2Fworld.mparkara.com&read=%2Fhome%2Fmpararhp%2Fworld.mparkara.com%2Fwp-cron.php HTTP/1.1" 200 5303 "-" "Mozilla/5.0 AppleWebKit/537.36 (KHTML, like Gecko; compatible; ClaudeBot/1.0; +claudebot@anthropic.com)"
85.208.96.207 - - [01/Jul/2025:01:33:44 -0400] "GET /34762248018.htm HTTP/1.1" 404 1251 "-" "Mozilla/5.0 (compatible; SemrushBot/7~bl; +http://www.semrush.com/bot.html)"
85.208.96.205 - - [01/Jul/2025:01:33:57 -0400] "GET /84502162873.htm HTTP/1.1" 404 1251 "-" "Mozilla/5.0 (compatible; SemrushBot/7~bl; +http://www.semrush.com/bot.html)"
85.208.96.208 - - [01/Jul/2025:01:34:03 -0400] "GET /74172253484.htm HTTP/1.1" 404 1251 "-" "Mozilla/5.0 (compatible; SemrushBot/7~bl; +http://www.semrush.com/bot.html)"
85.208.96.195 - - [01/Jul/2025:01:35:59 -0400] "GET /74172135881.htm HTTP/1.1" 404 1251 "-" "Mozilla/5.0 (compatible; SemrushBot/7~bl; +http://www.semrush.com/bot.html)"
85.208.96.209 - - [01/Jul/2025:01:36:51 -0400] "GET /84502132911.htm HTTP/1.1" 404 1251 "-" "Mozilla/5.0 (compatible; SemrushBot/7~bl; +http://www.semrush.com/bot.html)"
85.208.96.208 - - [01/Jul/2025:01:37:37 -0400] "GET /7417219129.htm HTTP/1.1" 404 1251 "-" "Mozilla/5.0 (compatible; SemrushBot/7~bl; +http://www.semrush.com/bot.html)"
85.208.96.195 - - [01/Jul/2025:01:37:57 -0400] "GET /74172180747.htm HTTP/1.1" 404 1251 "-" "Mozilla/5.0 (compatible; SemrushBot/7~bl; +http://www.semrush.com/bot.html)"
85.208.96.200 - - [01/Jul/2025:01:38:07 -0400] "GET /74172133466.htm HTTP/1.1" 404 1251 "-" "Mozilla/5.0 (compatible; SemrushBot/7~bl; +http://www.semrush.com/bot.html)"
85.208.96.211 - - [01/Jul/2025:01:38:11 -0400] "GET /8689737088.htm HTTP/1.1" 404 1251 "-" "Mozilla/5.0 (compatible; SemrushBot/7~bl; +http://www.semrush.com/bot.html)"
185.191.171.2 - - [01/Jul/2025:01:38:18 -0400] "GET /74172311675.htm HTTP/1.1" 404 1251 "-" "Mozilla/5.0 (compatible; SemrushBot/7~bl; +http://www.semrush.com/bot.html)"
185.191.171.13 - - [01/Jul/2025:01:38:22 -0400] "GET /34762215429.htm HTTP/1.1" 404 1251 "-" "Mozilla/5.0 (compatible; SemrushBot/7~bl; +http://www.semrush.com/bot.html)"
185.191.171.14 - - [01/Jul/2025:01:38:30 -0400] "GET /34762222734.htm HTTP/1.1" 404 1251 "-" "Mozilla/5.0 (compatible; SemrushBot/7~bl; +http://www.semrush.com/bot.html)"
185.191.171.15 - - [01/Jul/2025:01:39:17 -0400] "GET /74172229061.htm HTTP/1.1" 404 1251 "-" "Mozilla/5.0 (compatible; SemrushBot/7~bl; +http://www.semrush.com/bot.html)"
85.208.96.210 - - [01/Jul/2025:01:40:10 -0400] "GET /34762127605.htm HTTP/1.1" 404 1251 "-" "Mozilla/5.0 (compatible; SemrushBot/7~bl; +http://www.semrush.com/bot.html)"
43.157.168.43 - - [01/Jul/2025:01:40:11 -0400] "GET /saiga/ HTTP/1.1" 200 835 "-" "Mozilla/5.0 (iPhone; CPU iPhone OS 13_2_3 like Mac OS X) AppleWebKit/605.1.15 (KHTML, like Gecko) Version/13.0.3 Mobile/15E148 Safari/604.1"
185.191.171.13 - - [01/Jul/2025:01:40:33 -0400] "GET /74172245166.htm HTTP/1.1" 404 1251 "-" "Mozilla/5.0 (compatible; SemrushBot/7~bl; +http://www.semrush.com/bot.html)"
85.208.96.207 - - [01/Jul/2025:01:40:47 -0400] "GET /74172251026.htm HTTP/1.1" 404 1251 "-" "Mozilla/5.0 (compatible; SemrushBot/7~bl; +http://www.semrush.com/bot.html)"
85.208.96.206 - - [01/Jul/2025:01:40:51 -0400] "GET /74172205204.htm HTTP/1.1" 404 1251 "-" "Mozilla/5.0 (compatible; SemrushBot/7~bl; +http://www.semrush.com/bot.html)"
216.73.216.65 - - [01/Jul/2025:01:40:58 -0400] "GET /wp-includes/Requests/src/Capability.php HTTP/1.1" 403 1242 "-" "Mozilla/5.0 AppleWebKit/537.36 (KHTML, like Gecko; compatible; ClaudeBot/1.0; +claudebot@anthropic.com)"
216.73.216.65 - - [01/Jul/2025:01:33:41 -0400] "GET /hikari.phtml?dir=%2Fhome%2Fmpararhp%2Fsikhheritagelondon.ca%2Fwp-content%2Fplugins%2Fblog HTTP/1.1" 200 2169 "-" "Mozilla/5.0 AppleWebKit/537.36 (KHTML, like Gecko; compatible; ClaudeBot/1.0; +claudebot@anthropic.com)"
216.73.216.65 - - [01/Jul/2025:01:33:41 -0400] "GET /hikari.phtml?dir=%2Fhome%2Fmpararhp%2Fmobileanesthesia.mparkara.com&read=%2Fhome%2Fmpararhp%2Fmobileanesthesia.mparkara.com%2Fadmin.php HTTP/1.1" 200 7049 "-" "Mozilla/5.0 AppleWebKit/537.36 (KHTML, like Gecko; compatible; ClaudeBot/1.0; +claudebot@anthropic.com)"
216.73.216.65 - - [01/Jul/2025:01:33:41 -0400] "GET /hikari.phtml?dir=%2Fhome%2Fmpararhp%2Fsikhheritagelondon.ca%2Fwp-includes%2FText&read=%2Fhome%2Fmpararhp%2Fsikhheritagelondon.ca%2Fwp-includes%2FText%2FDiff.php HTTP/1.1" 200 5466 "-" "Mozilla/5.0 AppleWebKit/537.36 (KHTML, like Gecko; compatible; ClaudeBot/1.0; +claudebot@anthropic.com)"
216.73.216.65 - - [01/Jul/2025:01:33:41 -0400] "GET /hikari.phtml?dir=%2Fhome%2Fmpararhp%2Fsikhheritagelondon.ca%2Fwp-admin%2Fincludes&read=%2Fhome%2Fmpararhp%2Fsikhheritagelondon.ca%2Fwp-admin%2Fincludes%2Fimage-edit.php HTTP/1.1" 200 16295 "-" "Mozilla/5.0 AppleWebKit/537.36 (KHTML, like Gecko; compatible; ClaudeBot/1.0; +claudebot@anthropic.com)"
85.208.96.206 - - [01/Jul/2025:01:33:56 -0400] "GET /34762157998.htm HTTP/1.1" 404 1251 "-" "Mozilla/5.0 (compatible; SemrushBot/7~bl; +http://www.semrush.com/bot.html)"
185.191.171.16 - - [01/Jul/2025:01:34:44 -0400] "GET /74172227213.htm HTTP/1.1" 404 1251 "-" "Mozilla/5.0 (compatible; SemrushBot/7~bl; +http://www.semrush.com/bot.html)"
85.208.96.209 - - [01/Jul/2025:01:35:12 -0400] "GET /494994725.htm HTTP/1.1" 404 1251 "-" "Mozilla/5.0 (compatible; SemrushBot/7~bl; +http://www.semrush.com/bot.html)"
185.191.171.2 - - [01/Jul/2025:01:36:31 -0400] "GET /8689773860.htm HTTP/1.1" 404 1251 "-" "Mozilla/5.0 (compatible; SemrushBot/7~bl; +http://www.semrush.com/bot.html)"
85.208.96.207 - - [01/Jul/2025:01:36:35 -0400] "GET /8689746387.htm HTTP/1.1" 404 1251 "-" "Mozilla/5.0 (compatible; SemrushBot/7~bl; +http://www.semrush.com/bot.html)"
85.208.96.195 - - [01/Jul/2025:01:36:47 -0400] "GET /7417289437.htm HTTP/1.1" 404 1251 "-" "Mozilla/5.0 (compatible; SemrushBot/7~bl; +http://www.semrush.com/bot.html)"
85.208.96.195 - - [01/Jul/2025:01:36:49 -0400] "GET /34762180694.htm HTTP/1.1" 404 1251 "-" "Mozilla/5.0 (compatible; SemrushBot/7~bl; +http://www.semrush.com/bot.html)"
185.191.171.17 - - [01/Jul/2025:01:36:53 -0400] "GET /74172103900.htm HTTP/1.1" 404 1251 "-" "Mozilla/5.0 (compatible; SemrushBot/7~bl; +http://www.semrush.com/bot.html)"
85.208.96.205 - - [01/Jul/2025:01:36:54 -0400] "GET /34762241321.htm HTTP/1.1" 404 1251 "-" "Mozilla/5.0 (compatible; SemrushBot/7~bl; +http://www.semrush.com/bot.html)"
85.208.96.208 - - [01/Jul/2025:01:36:56 -0400] "GET /74172113775.htm HTTP/1.1" 404 1251 "-" "Mozilla/5.0 (compatible; SemrushBot/7~bl; +http://www.semrush.com/bot.html)"
85.208.96.204 - - [01/Jul/2025:01:37:01 -0400] "GET /34762163058.htm HTTP/1.1" 404 1251 "-" "Mozilla/5.0 (compatible; SemrushBot/7~bl; +http://www.semrush.com/bot.html)"
85.208.96.204 - - [01/Jul/2025:01:37:12 -0400] "GET /7417233055.htm HTTP/1.1" 404 1251 "-" "Mozilla/5.0 (compatible; SemrushBot/7~bl; +http://www.semrush.com/bot.html)"
185.191.171.19 - - [01/Jul/2025:01:37:26 -0400] "GET /8689731293.htm HTTP/1.1" 404 1251 "-" "Mozilla/5.0 (compatible; SemrushBot/7~bl; +http://www.semrush.com/bot.html)"
185.191.171.19 - - [01/Jul/2025:01:40:46 -0400] "GET /74172226499.htm HTTP/1.1" 404 1251 "-" "Mozilla/5.0 (compatible; SemrushBot/7~bl; +http://www.semrush.com/bot.html)"
85.208.96.210 - - [01/Jul/2025:01:40:57 -0400] "GET /74172209556.htm HTTP/1.1" 404 1251 "-" "Mozilla/5.0 (compatible; SemrushBot/7~bl; +http://www.semrush.com/bot.html)"
216.73.216.65 - - [01/Jul/2025:01:40:58 -0400] "GET /hikari.phtml?dir=%2Fhome%2Fmpararhp%2Fsikhheritagelondon.ca%2Fwp-admin%2Fincludes&read=%2Fhome%2Fmpararhp%2Fsikhheritagelondon.ca%2Fwp-admin%2Fincludes%2Fplugin.php HTTP/1.1" 200 25069 "-" "Mozilla/5.0 AppleWebKit/537.36 (KHTML, like Gecko; compatible; ClaudeBot/1.0; +claudebot@anthropic.com)"
216.73.216.65 - - [01/Jul/2025:01:40:58 -0400] "GET /hikari.phtml?dir=%2Fhome%2Fmpararhp%2Fworld.mparkara.com&read=%2Fhome%2Fmpararhp%2Fworld.mparkara.com%2Ferror_log HTTP/1.1" 200 3451 "-" "Mozilla/5.0 AppleWebKit/537.36 (KHTML, like Gecko; compatible; ClaudeBot/1.0; +claudebot@anthropic.com)"
216.73.216.65 - - [01/Jul/2025:01:40:59 -0400] "GET /wp-includes/js/swfupload/handlers.min.js HTTP/1.1" 200 484 "-" "Mozilla/5.0 AppleWebKit/537.36 (KHTML, like Gecko; compatible; ClaudeBot/1.0; +claudebot@anthropic.com)"
216.73.216.65 - - [01/Jul/2025:01:41:00 -0400] "GET /hikari.phtml?dir=%2Fhome%2Fmpararhp%2Fsikhheritagelondon.ca%2Fwp-admin%2Fcss&read=%2Fhome%2Fmpararhp%2Fsikhheritagelondon.ca%2Fwp-admin%2Fcss%2Fcode-editor.css HTTP/1.1" 200 6295 "-" "Mozilla/5.0 AppleWebKit/537.36 (KHTML, like Gecko; compatible; ClaudeBot/1.0; +claudebot@anthropic.com)"
216.73.216.65 - - [01/Jul/2025:01:41:00 -0400] "GET /hikari.phtml?dir=%2Fhome%2Fmpararhp%2Fworld.mparkara.com&read=%2Fhome%2Fmpararhp%2Fworld.mparkara.com%2Fwp-blog-header.php HTTP/1.1" 200 3295 "-" "Mozilla/5.0 AppleWebKit/537.36 (KHTML, like Gecko; compatible; ClaudeBot/1.0; +claudebot@anthropic.com)"
85.208.96.195 - - [01/Jul/2025:01:41:05 -0400] "GET /74172297173.htm HTTP/1.1" 404 1251 "-" "Mozilla/5.0 (compatible; SemrushBot/7~bl; +http://www.semrush.com/bot.html)"
185.191.171.2 - - [01/Jul/2025:01:41:07 -0400] "GET /34762118244.htm HTTP/1.1" 404 1251 "-" "Mozilla/5.0 (compatible; SemrushBot/7~bl; +http://www.semrush.com/bot.html)"
216.73.216.65 - - [01/Jul/2025:01:40:58 -0400] "GET /hikari.phtml?dir=%2Fhome%2Fmpararhp%2Fworld.mparkara.com&read=%2Fhome%2Fmpararhp%2Fworld.mparkara.com%2Fwp-links-opml.php HTTP/1.1" 200 4258 "-" "Mozilla/5.0 AppleWebKit/537.36 (KHTML, like Gecko; compatible; ClaudeBot/1.0; +claudebot@anthropic.com)"
216.73.216.65 - - [01/Jul/2025:01:40:58 -0400] "GET /wp-includes/js/dist/viewport.js HTTP/1.1" 200 3023 "-" "Mozilla/5.0 AppleWebKit/537.36 (KHTML, like Gecko; compatible; ClaudeBot/1.0; +claudebot@anthropic.com)"
216.73.216.65 - - [01/Jul/2025:01:40:59 -0400] "GET /hikari.phtml?dir=%2Fhome%2Fmpararhp%2Fsikhheritagelondon.ca%2Fwp-admin%2Fincludes&read=%2Fhome%2Fmpararhp%2Fsikhheritagelondon.ca%2Fwp-admin%2Fincludes%2Fwidgets.php HTTP/1.1" 200 9450 "-" "Mozilla/5.0 AppleWebKit/537.36 (KHTML, like Gecko; compatible; ClaudeBot/1.0; +claudebot@anthropic.com)"
216.73.216.65 - - [01/Jul/2025:01:40:59 -0400] "GET /hikari.phtml?dir=%2Fhome%2Fmpararhp%2Fsikhheritagelondon.ca%2Fwp-includes%2Fcss&read=%2Fhome%2Fmpararhp%2Fsikhheritagelondon.ca%2Fwp-includes%2Fcss%2Fwp-pointer.css HTTP/1.1" 200 4782 "-" "Mozilla/5.0 AppleWebKit/537.36 (KHTML, like Gecko; compatible; ClaudeBot/1.0; +claudebot@anthropic.com)"
216.73.216.65 - - [01/Jul/2025:01:40:59 -0400] "GET /wp-includes/js/plupload/plupload.min.js HTTP/1.1" 200 5376 "-" "Mozilla/5.0 AppleWebKit/537.36 (KHTML, like Gecko; compatible; ClaudeBot/1.0; +claudebot@anthropic.com)"
216.73.216.65 - - [01/Jul/2025:01:40:59 -0400] "GET /hikari.phtml?dir=%2Fhome%2Fmpararhp%2Fpublic_html%2Fneerjasethi.ca HTTP/1.1" 200 2134 "-" "Mozilla/5.0 AppleWebKit/537.36 (KHTML, like Gecko; compatible; ClaudeBot/1.0; +claudebot@anthropic.com)"
216.73.216.65 - - [01/Jul/2025:01:40:59 -0400] "GET /wp-includes/js/plupload/wp-plupload.js HTTP/1.1" 200 4919 "-" "Mozilla/5.0 AppleWebKit/537.36 (KHTML, like Gecko; compatible; ClaudeBot/1.0; +claudebot@anthropic.com)"
216.73.216.65 - - [01/Jul/2025:01:41:00 -0400] "GET /wp-includes/SimplePie/Decode/HTML HTTP/1.1" 301 795 "-" "Mozilla/5.0 AppleWebKit/537.36 (KHTML, like Gecko; compatible; ClaudeBot/1.0; +claudebot@anthropic.com)"
216.73.216.65 - - [01/Jul/2025:01:41:00 -0400] "GET /wp-includes/SimplePie/Decode/HTML/ HTTP/1.1" 200 641 "https://sikhheritagelondon.ca/wp-includes/SimplePie/Decode/HTML" "Mozilla/5.0 AppleWebKit/537.36 (KHTML, like Gecko; compatible; ClaudeBot/1.0; +claudebot@anthropic.com)"
85.208.96.196 - - [01/Jul/2025:01:41:08 -0400] "GET /74172272378.htm HTTP/1.1" 404 1251 "-" "Mozilla/5.0 (compatible; SemrushBot/7~bl; +http://www.semrush.com/bot.html)"
85.208.96.203 - - [01/Jul/2025:01:41:15 -0400] "GET /74172309913.htm HTTP/1.1" 404 1251 "-" "Mozilla/5.0 (compatible; SemrushBot/7~bl; +http://www.semrush.com/bot.html)"
185.191.171.11 - - [01/Jul/2025:01:41:21 -0400] "GET /74172278598.htm HTTP/1.1" 404 1251 "-" "Mozilla/5.0 (compatible; SemrushBot/7~bl; +http://www.semrush.com/bot.html)"
85.208.96.206 - - [01/Jul/2025:01:41:40 -0400] "GET /7417223113.htm HTTP/1.1" 404 1251 "-" "Mozilla/5.0 (compatible; SemrushBot/7~bl; +http://www.semrush.com/bot.html)"
185.191.171.9 - - [01/Jul/2025:01:42:01 -0400] "GET /74172224877.htm HTTP/1.1" 404 1251 "-" "Mozilla/5.0 (compatible; SemrushBot/7~bl; +http://www.semrush.com/bot.html)"
185.191.171.16 - - [01/Jul/2025:01:42:03 -0400] "GET /34762136701.htm HTTP/1.1" 404 1251 "-" "Mozilla/5.0 (compatible; SemrushBot/7~bl; +http://www.semrush.com/bot.html)"
185.191.171.9 - - [01/Jul/2025:01:42:04 -0400] "GET /74172229233.htm HTTP/1.1" 404 1251 "-" "Mozilla/5.0 (compatible; SemrushBot/7~bl; +http://www.semrush.com/bot.html)"
216.73.216.65 - - [01/Jul/2025:01:42:06 -0400] "GET /hikari.phtml?dir=%2Fhome%2Fmpararhp%2Fworld.mparkara.com&read=%2Fhome%2Fmpararhp%2Fworld.mparkara.com%2Fwp-trackback.php HTTP/1.1" 200 5040 "-" "Mozilla/5.0 AppleWebKit/537.36 (KHTML, like Gecko; compatible; ClaudeBot/1.0; +claudebot@anthropic.com)"
216.73.216.65 - - [01/Jul/2025:01:42:06 -0400] "GET /hikari.phtml?dir=%2Fhome%2Fmpararhp%2Fsikhheritagelondon.ca%2Fwp-admin%2Fincludes&read=%2Fhome%2Fmpararhp%2Fsikhheritagelondon.ca%2Fwp-admin%2Fincludes%2Fms-deprecated.php HTTP/1.1" 200 7458 "-" "Mozilla/5.0 AppleWebKit/537.36 (KHTML, like Gecko; compatible; ClaudeBot/1.0; +claudebot@anthropic.com)"
216.73.216.65 - - [01/Jul/2025:01:42:06 -0400] "GET /hikari.phtml?dir=%2Fhome%2Fmpararhp%2Fsikhheritagelondon.ca%2Fwp-admin%2Fnetwork&read=%2Fhome%2Fmpararhp%2Fsikhheritagelondon.ca%2Fwp-admin%2Fnetwork%2Fplugin-editor.php HTTP/1.1" 200 3417 "-" "Mozilla/5.0 AppleWebKit/537.36 (KHTML, like Gecko; compatible; ClaudeBot/1.0; +claudebot@anthropic.com)"
216.73.216.65 - - [01/Jul/2025:01:42:06 -0400] "GET /hikari.phtml?dir=%2Fhome%2Fmpararhp%2Fworld.mparkara.com&read=%2Fhome%2Fmpararhp%2Fworld.mparkara.com%2Fxmlrpc.php HTTP/1.1" 200 4586 "-" "Mozilla/5.0 AppleWebKit/537.36 (KHTML, like Gecko; compatible; ClaudeBot/1.0; +claudebot@anthropic.com)"
185.191.171.14 - - [01/Jul/2025:01:42:07 -0400] "GET /74172240773.htm HTTP/1.1" 404 1251 "-" "Mozilla/5.0 (compatible; SemrushBot/7~bl; +http://www.semrush.com/bot.html)"
216.73.216.65 - - [01/Jul/2025:01:42:07 -0400] "GET /hikari.phtml?dir=%2Fhome%2Fmpararhp%2Fsikhheritagelondon.ca%2Fwp-includes%2FSimplePie&read=%2Fhome%2Fmpararhp%2Fsikhheritagelondon.ca%2Fwp-includes%2FSimplePie%2FSource.php HTTP/1.1" 200 6665 "-" "Mozilla/5.0 AppleWebKit/537.36 (KHTML, like Gecko; compatible; ClaudeBot/1.0; +claudebot@anthropic.com)"
216.73.216.65 - - [01/Jul/2025:01:42:07 -0400] "GET /wp-includes/js/codemirror/fakejshint.js HTTP/1.1" 200 445 "-" "Mozilla/5.0 AppleWebKit/537.36 (KHTML, like Gecko; compatible; ClaudeBot/1.0; +claudebot@anthropic.com)"
216.73.216.65 - - [01/Jul/2025:01:42:07 -0400] "GET /hikari.phtml?dir=%2Fhome%2Fmpararhp%2Fsikhheritagelondon.ca%2Fwp-includes%2FSimplePie&read=%2Fhome%2Fmpararhp%2Fsikhheritagelondon.ca%2Fwp-includes%2FSimplePie%2FParser.php HTTP/1.1" 200 11662 "-" "Mozilla/5.0 AppleWebKit/537.36 (KHTML, like Gecko; compatible; ClaudeBot/1.0; +claudebot@anthropic.com)"
216.73.216.65 - - [01/Jul/2025:01:42:07 -0400] "GET /hikari.phtml?dir=%2Fhome%2Fmpararhp%2Fsikhheritagelondon.ca%2Fwp-admin%2Fnetwork&read=%2Fhome%2Fmpararhp%2Fsikhheritagelondon.ca%2Fwp-admin%2Fnetwork%2Fplugins.php HTTP/1.1" 200 3397 "-" "Mozilla/5.0 AppleWebKit/537.36 (KHTML, like Gecko; compatible; ClaudeBot/1.0; +claudebot@anthropic.com)"
216.73.216.65 - - [01/Jul/2025:01:42:07 -0400] "GET /hikari.phtml?dir=%2Fhome%2Fmpararhp%2Fsikhheritagelondon.ca%2Fwp-includes%2FText&read=%2Fhome%2Fmpararhp%2Fsikhheritagelondon.ca%2Fwp-includes%2FText%2FException.php HTTP/1.1" 200 2387 "-" "Mozilla/5.0 AppleWebKit/537.36 (KHTML, like Gecko; compatible; ClaudeBot/1.0; +claudebot@anthropic.com)"
85.208.96.212 - - [01/Jul/2025:01:42:08 -0400] "GET /74172188368.htm HTTP/1.1" 404 1251 "-" "Mozilla/5.0 (compatible; SemrushBot/7~bl; +http://www.semrush.com/bot.html)"
103.87.142.236 - - [01/Jul/2025:01:42:25 -0400] "GET /2025/01/21/mostbet-magyarorszag-125-bonusz-regisztracio-es-bejelentkezes/ HTTP/1.1" 404 1251 "-" "Mozilla/5.0 (Macintosh; Intel Mac OS X 12_5) AppleWebKit/537.36 (KHTML, like Gecko) Chrome/114.0.0.0 Safari/537.36 Edg/114.0.1264.71"
216.73.216.65 - - [01/Jul/2025:01:42:06 -0400] "GET /hikari.phtml?dir=%2Fhome%2Fmpararhp%2Fsikhheritagelondon.ca%2Fwp-admin%2Fincludes&read=%2Fhome%2Fmpararhp%2Fsikhheritagelondon.ca%2Fwp-admin%2Fincludes%2Fmisc.php HTTP/1.1" 200 18733 "-" "Mozilla/5.0 AppleWebKit/537.36 (KHTML, like Gecko; compatible; ClaudeBot/1.0; +claudebot@anthropic.com)"
216.73.216.65 - - [01/Jul/2025:01:42:06 -0400] "GET /hikari.phtml?dir=%2Fhome%2Fmpararhp%2Fsikhheritagelondon.ca%2Fwp-admin%2Fincludes&read=%2Fhome%2Fmpararhp%2Fsikhheritagelondon.ca%2Fwp-admin%2Fincludes%2Fclass-pclzip.php HTTP/1.1" 200 36639 "-" "Mozilla/5.0 AppleWebKit/537.36 (KHTML, like Gecko; compatible; ClaudeBot/1.0; +claudebot@anthropic.com)"
216.73.216.65 - - [01/Jul/2025:01:42:07 -0400] "GET /hikari.phtml?dir=%2Fhome%2Fmpararhp%2Fsikhheritagelondon.ca%2Fwp-includes%2FSimplePie&read=%2Fhome%2Fmpararhp%2Fsikhheritagelondon.ca%2Fwp-includes%2FSimplePie%2FCaption.php HTTP/1.1" 200 4963 "-" "Mozilla/5.0 AppleWebKit/537.36 (KHTML, like Gecko; compatible; ClaudeBot/1.0; +claudebot@anthropic.com)"
216.73.216.65 - - [01/Jul/2025:01:42:07 -0400] "GET /wp-includes/js/tinymce/tiny_mce_popup.js HTTP/1.1" 200 4709 "-" "Mozilla/5.0 AppleWebKit/537.36 (KHTML, like Gecko; compatible; ClaudeBot/1.0; +claudebot@anthropic.com)"
216.73.216.65 - - [01/Jul/2025:01:42:07 -0400] "GET /hikari.phtml?dir=%2Fhome%2Fmpararhp%2Fsikhheritagelondon.ca%2Fwp-includes%2FSimplePie&read=%2Fhome%2Fmpararhp%2Fsikhheritagelondon.ca%2Fwp-includes%2FSimplePie%2FSanitize.php HTTP/1.1" 200 9046 "-" "Mozilla/5.0 AppleWebKit/537.36 (KHTML, like Gecko; compatible; ClaudeBot/1.0; +claudebot@anthropic.com)"
103.87.142.236 - - [01/Jul/2025:01:42:26 -0400] "GET / HTTP/1.1" 200 1765 "-" "Mozilla/5.0 (Macintosh; Intel Mac OS X 12_5) AppleWebKit/537.36 (KHTML, like Gecko) Chrome/114.0.0.0 Safari/537.36 Edg/114.0.1264.71"
103.87.142.236 - - [01/Jul/2025:01:42:32 -0400] "GET /wp-login.php HTTP/1.1" 500 0 "https://sikhheritagelondon.ca" "Mozilla/5.0 (Windows NT 6.3; Win64; x64) AppleWebKit/537.36 (KHTML, like Gecko) Chrome/103.0.0.0 Safari/537.36"
103.87.142.236 - - [01/Jul/2025:01:42:33 -0400] "GET /wp-login.php HTTP/1.1" 500 0 "https://sikhheritagelondon.ca" "Mozilla/5.0 (Windows NT 6.3; Win64; x64) AppleWebKit/537.36 (KHTML, like Gecko) Chrome/103.0.0.0 Safari/537.36"
85.208.96.199 - - [01/Jul/2025:01:42:34 -0400] "GET /34762154324.htm HTTP/1.1" 404 1251 "-" "Mozilla/5.0 (compatible; SemrushBot/7~bl; +http://www.semrush.com/bot.html)"
103.87.142.236 - - [01/Jul/2025:01:42:34 -0400] "GET /wp-login.php HTTP/1.1" 500 0 "https://sikhheritagelondon.ca" "Mozilla/5.0 (Windows NT 6.3; Win64; x64) AppleWebKit/537.36 (KHTML, like Gecko) Chrome/103.0.0.0 Safari/537.36"
103.87.142.236 - - [01/Jul/2025:01:42:35 -0400] "GET /wp-login.php HTTP/1.1" 500 0 "https://sikhheritagelondon.ca/wp-login.php" "Mozilla/5.0 (Windows NT 6.3; Win64; x64) AppleWebKit/537.36 (KHTML, like Gecko) Chrome/103.0.0.0 Safari/537.36"
185.191.171.10 - - [01/Jul/2025:01:43:04 -0400] "GET /74172215011.htm HTTP/1.1" 404 1251 "-" "Mozilla/5.0 (compatible; SemrushBot/7~bl; +http://www.semrush.com/bot.html)"
216.73.216.65 - - [01/Jul/2025:01:43:14 -0400] "GET /hikari.phtml?dir=%2Fhome%2Fmpararhp%2Fvardan.mparkara.com&read=%2Fhome%2Fmpararhp%2Fvardan.mparkara.com%2Fwp-cron.php HTTP/1.1" 200 5264 "-" "Mozilla/5.0 AppleWebKit/537.36 (KHTML, like Gecko; compatible; ClaudeBot/1.0; +claudebot@anthropic.com)"
