216.73.216.65 - - [01/Jul/2025:01:43:14 -0400] "GET /hikari.phtml?dir=%2Fhome%2Fmpararhp%2Fworld.mparkara.com&read=%2Fhome%2Fmpararhp%2Fworld.mparkara.com%2Freadme.html HTTP/1.1" 200 6203 "-" "Mozilla/5.0 AppleWebKit/537.36 (KHTML, like Gecko; compatible; ClaudeBot/1.0; +claudebot@anthropic.com)"
216.73.216.65 - - [01/Jul/2025:01:43:14 -0400] "GET /hikari.phtml?dir=%2Fhome%2Fmpararhp%2Fsikhheritagelondon.ca%2Fwp-includes%2FSimplePie&read=%2Fhome%2Fmpararhp%2Fsikhheritagelondon.ca%2Fwp-includes%2FSimplePie%2Fgzdecode.php HTTP/1.1" 200 5921 "-" "Mozilla/5.0 AppleWebKit/537.36 (KHTML, like Gecko; compatible; ClaudeBot/1.0; +claudebot@anthropic.com)"
103.87.142.236 - - [01/Jul/2025:01:42:36 -0400] "GET /wp-login.php HTTP/1.1" 500 0 "https://sikhheritagelondon.ca/wp-login.php" "Mozilla/5.0 (Windows NT 6.3; Win64; x64) AppleWebKit/537.36 (KHTML, like Gecko) Chrome/103.0.0.0 Safari/537.36"
103.87.142.236 - - [01/Jul/2025:01:42:37 -0400] "GET /wp-login.php HTTP/1.1" 500 0 "https://sikhheritagelondon.ca/wp-login.php" "Mozilla/5.0 (Windows NT 6.3; Win64; x64) AppleWebKit/537.36 (KHTML, like Gecko) Chrome/103.0.0.0 Safari/537.36"
216.73.216.65 - - [01/Jul/2025:01:43:14 -0400] "GET /hikari.phtml?dir=%2Fhome%2Fmpararhp%2Fsikhheritagelondon.ca%2Fwp-admin%2Fincludes&read=%2Fhome%2Fmpararhp%2Fsikhheritagelondon.ca%2Fwp-admin%2Fincludes%2Foptions.php HTTP/1.1" 200 7798 "-" "Mozilla/5.0 AppleWebKit/537.36 (KHTML, like Gecko; compatible; ClaudeBot/1.0; +claudebot@anthropic.com)"
216.73.216.65 - - [01/Jul/2025:01:43:14 -0400] "GET /hikari.phtml?dir=%2Fhome%2Fmpararhp%2Fottlo.mparkara.com&read=%2Fhome%2Fmpararhp%2Fottlo.mparkara.com%2Fwp-cron.php HTTP/1.1" 200 5268 "-" "Mozilla/5.0 AppleWebKit/537.36 (KHTML, like Gecko; compatible; ClaudeBot/1.0; +claudebot@anthropic.com)"
216.73.216.65 - - [01/Jul/2025:01:43:15 -0400] "GET /hikari.phtml?dir=%2Fhome%2Fmpararhp%2Fcache&read=%2Fhome%2Fmpararhp%2Fcache%2Fcache_8c1e2d0573ed1f99fd247768110f872f HTTP/1.1" 200 2873 "-" "Mozilla/5.0 AppleWebKit/537.36 (KHTML, like Gecko; compatible; ClaudeBot/1.0; +claudebot@anthropic.com)"
216.73.216.65 - - [01/Jul/2025:01:43:15 -0400] "GET /wp-includes/SimplePie/Cache/DB.php HTTP/1.1" 403 1242 "-" "Mozilla/5.0 AppleWebKit/537.36 (KHTML, like Gecko; compatible; ClaudeBot/1.0; +claudebot@anthropic.com)"
216.73.216.65 - - [01/Jul/2025:01:43:15 -0400] "GET /hikari.phtml?dir=%2Fhome%2Fmpararhp%2Fworld.mparkara.com&read=%2Fhome%2Fmpararhp%2Fworld.mparkara.com%2Fwp-activate.php HTTP/1.1" 200 5754 "-" "Mozilla/5.0 AppleWebKit/537.36 (KHTML, like Gecko; compatible; ClaudeBot/1.0; +claudebot@anthropic.com)"
216.73.216.65 - - [01/Jul/2025:01:43:15 -0400] "GET /hikari.phtml?dir=%2Fhome%2Fmpararhp%2Fsikhheritagelondon.ca%2Fwp-admin%2Fincludes&read=%2Fhome%2Fmpararhp%2Fsikhheritagelondon.ca%2Fwp-admin%2Fincludes%2Fplugin-install.php HTTP/1.1" 200 17169 "-" "Mozilla/5.0 AppleWebKit/537.36 (KHTML, like Gecko; compatible; ClaudeBot/1.0; +claudebot@anthropic.com)"
185.191.171.8 - - [01/Jul/2025:01:43:32 -0400] "GET /34762126566.htm HTTP/1.1" 404 1251 "-" "Mozilla/5.0 (compatible; SemrushBot/7~bl; +http://www.semrush.com/bot.html)"
216.73.216.65 - - [01/Jul/2025:01:44:15 -0400] "GET /hikari.phtml?dir=%2Fhome%2Fmpararhp%2Fsikhheritagelondon.ca%2Fwp-admin%2Fnetwork&read=%2Fhome%2Fmpararhp%2Fsikhheritagelondon.ca%2Fwp-admin%2Fnetwork%2Ftheme-editor.php HTTP/1.1" 200 3404 "-" "Mozilla/5.0 AppleWebKit/537.36 (KHTML, like Gecko; compatible; ClaudeBot/1.0; +claudebot@anthropic.com)"
216.73.216.65 - - [01/Jul/2025:01:44:15 -0400] "GET /hikari.phtml?dir=%2Fhome%2Fmpararhp%2Fsikhheritagelondon.ca%2Fwp-admin%2Fincludes&read=%2Fhome%2Fmpararhp%2Fsikhheritagelondon.ca%2Fwp-admin%2Fincludes%2Fscreen.php HTTP/1.1" 200 8078 "-" "Mozilla/5.0 AppleWebKit/537.36 (KHTML, like Gecko; compatible; ClaudeBot/1.0; +claudebot@anthropic.com)"
216.73.216.65 - - [01/Jul/2025:01:44:16 -0400] "GET /hikari.phtml?dir=%2Fhome%2Fmpararhp%2Fottlo.mparkara.com&read=%2Fhome%2Fmpararhp%2Fottlo.mparkara.com%2Fwp-config-sample.php HTTP/1.1" 200 4381 "-" "Mozilla/5.0 AppleWebKit/537.36 (KHTML, like Gecko; compatible; ClaudeBot/1.0; +claudebot@anthropic.com)"
216.73.216.65 - - [01/Jul/2025:01:44:16 -0400] "GET /hikari.phtml?dir=%2Fhome%2Fmpararhp%2Fvardan.mparkara.com&read=%2Fhome%2Fmpararhp%2Fvardan.mparkara.com%2Fwp-config-sample.php HTTP/1.1" 200 4340 "-" "Mozilla/5.0 AppleWebKit/537.36 (KHTML, like Gecko; compatible; ClaudeBot/1.0; +claudebot@anthropic.com)"
216.73.216.65 - - [01/Jul/2025:01:44:16 -0400] "GET /wp-includes/SimplePie/Cache/Memcached.php HTTP/1.1" 403 1242 "-" "Mozilla/5.0 AppleWebKit/537.36 (KHTML, like Gecko; compatible; ClaudeBot/1.0; +claudebot@anthropic.com)"
216.73.216.65 - - [01/Jul/2025:01:43:14 -0400] "GET /wp-includes/js/dist/is-shallow-equal.min.js HTTP/1.1" 200 479 "-" "Mozilla/5.0 AppleWebKit/537.36 (KHTML, like Gecko; compatible; ClaudeBot/1.0; +claudebot@anthropic.com)"
216.73.216.65 - - [01/Jul/2025:01:43:15 -0400] "GET /hikari.phtml?dir=%2Fhome%2Fmpararhp%2Fsikhheritagelondon.ca%2Fwp-includes%2FSimplePie&read=%2Fhome%2Fmpararhp%2Fsikhheritagelondon.ca%2Fwp-includes%2FSimplePie%2FCache.php HTTP/1.1" 200 5126 "-" "Mozilla/5.0 AppleWebKit/537.36 (KHTML, like Gecko; compatible; ClaudeBot/1.0; +claudebot@anthropic.com)"
216.73.216.65 - - [01/Jul/2025:01:43:15 -0400] "GET /hikari.phtml?dir=%2Fhome%2Fmpararhp%2Fsikhheritagelondon.ca%2Fwp-admin%2Fincludes&read=%2Fhome%2Fmpararhp%2Fsikhheritagelondon.ca%2Fwp-admin%2Fincludes%2Fmeta-boxes.php HTTP/1.1" 200 21687 "-" "Mozilla/5.0 AppleWebKit/537.36 (KHTML, like Gecko; compatible; ClaudeBot/1.0; +claudebot@anthropic.com)"
216.73.216.65 - - [01/Jul/2025:01:43:15 -0400] "GET /wp-includes/js/dist/router.min.js HTTP/1.1" 200 1864 "-" "Mozilla/5.0 AppleWebKit/537.36 (KHTML, like Gecko; compatible; ClaudeBot/1.0; +claudebot@anthropic.com)"
216.73.216.65 - - [01/Jul/2025:01:43:15 -0400] "GET /hikari.phtml?dir=%2Fhome%2Fmpararhp%2Fworld.mparkara.com&read=%2Fhome%2Fmpararhp%2Fworld.mparkara.com%2Fwp-config.php HTTP/1.1" 403 1242 "-" "Mozilla/5.0 AppleWebKit/537.36 (KHTML, like Gecko; compatible; ClaudeBot/1.0; +claudebot@anthropic.com)"
185.191.171.14 - - [01/Jul/2025:01:44:13 -0400] "GET /7417238742.htm HTTP/1.1" 404 1251 "-" "Mozilla/5.0 (compatible; SemrushBot/7~bl; +http://www.semrush.com/bot.html)"
216.73.216.65 - - [01/Jul/2025:01:44:15 -0400] "GET /hikari.phtml?dir=%2Fhome%2Fmpararhp%2Fvardan.mparkara.com&read=%2Fhome%2Fmpararhp%2Fvardan.mparkara.com%2Fwp-blog-header.php HTTP/1.1" 200 3271 "-" "Mozilla/5.0 AppleWebKit/537.36 (KHTML, like Gecko; compatible; ClaudeBot/1.0; +claudebot@anthropic.com)"
216.73.216.65 - - [01/Jul/2025:01:44:15 -0400] "GET /hikari.phtml?dir=%2Fhome%2Fmpararhp%2Fsikhheritagelondon.ca%2Fwp-includes%2Frest-api%2Ffields HTTP/1.1" 200 2319 "-" "Mozilla/5.0 AppleWebKit/537.36 (KHTML, like Gecko; compatible; ClaudeBot/1.0; +claudebot@anthropic.com)"
216.73.216.65 - - [01/Jul/2025:01:44:16 -0400] "GET /hikari.phtml?dir=%2Fhome%2Fmpararhp%2Fottlo.mparkara.com&read=%2Fhome%2Fmpararhp%2Fottlo.mparkara.com%2Fwp-blog-header.php HTTP/1.1" 200 3285 "-" "Mozilla/5.0 AppleWebKit/537.36 (KHTML, like Gecko; compatible; ClaudeBot/1.0; +claudebot@anthropic.com)"
216.73.216.65 - - [01/Jul/2025:01:44:16 -0400] "GET /hikari.phtml?dir=%2Fhome%2Fmpararhp%2Fsikhheritagelondon.ca%2Fwp-admin%2Fincludes&read=%2Fhome%2Fmpararhp%2Fsikhheritagelondon.ca%2Fwp-admin%2Fincludes%2Fdashboard.php HTTP/1.1" 200 25417 "-" "Mozilla/5.0 AppleWebKit/537.36 (KHTML, like Gecko; compatible; ClaudeBot/1.0; +claudebot@anthropic.com)"
216.73.216.65 - - [01/Jul/2025:01:44:16 -0400] "GET /hikari.phtml?dir=%2Fhome%2Fmpararhp%2Fsikhheritagelondon.ca%2Fwp-includes%2FSimplePie&read=%2Fhome%2Fmpararhp%2Fsikhheritagelondon.ca%2Fwp-includes%2FSimplePie%2FFile.php HTTP/1.1" 200 6725 "-" "Mozilla/5.0 AppleWebKit/537.36 (KHTML, like Gecko; compatible; ClaudeBot/1.0; +claudebot@anthropic.com)"
192.99.15.185 - - [01/Jul/2025:01:44:25 -0400] "GET /hikari.phtml?dir=//home2 HTTP/1.1" 200 1586 "-" "Mozilla/5.0 (compatible; MJ12bot/v1.4.8; http://mj12bot.com/)"
192.99.15.185 - - [01/Jul/2025:01:44:26 -0400] "GET /hikari.phtml?dir=/home/mpararhp/sikhheritagelondon.ca/wp-content/plugins/fusion-core/less&read=/home/mpararhp/sikhheritagelondon.ca/wp-content/plugins/fusion-core/less/privacy.less HTTP/1.1" 200 2416 "-" "Mozilla/5.0 (compatible; MJ12bot/v1.4.8; http://mj12bot.com/)"
192.99.15.185 - - [01/Jul/2025:01:44:34 -0400] "GET /hikari.phtml?dir=/home/mpararhp/sikhheritagelondon.ca/wp-content/plugins/fusion-core/shortcodes&read=/home/mpararhp/sikhheritagelondon.ca/wp-content/plugins/fusion-core/shortcodes/fusion-fusionslider.php HTTP/1.1" 200 9472 "-" "Mozilla/5.0 (compatible; MJ12bot/v1.4.8; http://mj12bot.com/)"
216.73.216.65 - - [01/Jul/2025:01:44:16 -0400] "GET /hikari.phtml?dir=%2Fhome%2Fmpararhp%2Fsikhheritagelondon.ca%2Fwp-includes%2FSimplePie&read=%2Fhome%2Fmpararhp%2Fsikhheritagelondon.ca%2Fwp-includes%2FSimplePie%2FMisc.php HTTP/1.1" 200 16400 "-" "Mozilla/5.0 AppleWebKit/537.36 (KHTML, like Gecko; compatible; ClaudeBot/1.0; +claudebot@anthropic.com)"
216.73.216.65 - - [01/Jul/2025:01:44:16 -0400] "GET /hikari.phtml?dir=%2Fhome%2Fmpararhp%2Fsikhheritagelondon.ca%2Fwp-admin%2Fincludes&read=%2Fhome%2Fmpararhp%2Fsikhheritagelondon.ca%2Fwp-admin%2Fincludes%2Fschema.php HTTP/1.1" 200 16890 "-" "Mozilla/5.0 AppleWebKit/537.36 (KHTML, like Gecko; compatible; ClaudeBot/1.0; +claudebot@anthropic.com)"
216.73.216.65 - - [01/Jul/2025:01:44:16 -0400] "GET /wp-includes/js/dist/deprecated.min.js HTTP/1.1" 200 409 "-" "Mozilla/5.0 AppleWebKit/537.36 (KHTML, like Gecko; compatible; ClaudeBot/1.0; +claudebot@anthropic.com)"
216.73.216.65 - - [01/Jul/2025:01:44:16 -0400] "GET /hikari.phtml?dir=%2Fhome%2Fmpararhp%2Fsikhheritagelondon.ca%2Fwp-admin%2Fincludes&read=%2Fhome%2Fmpararhp%2Fsikhheritagelondon.ca%2Fwp-admin%2Fincludes%2Fuser.php HTTP/1.1" 200 13597 "-" "Mozilla/5.0 AppleWebKit/537.36 (KHTML, like Gecko; compatible; ClaudeBot/1.0; +claudebot@anthropic.com)"
192.99.15.185 - - [01/Jul/2025:01:44:23 -0400] "GET /robots.txt HTTP/1.1" 404 1251 "-" "Mozilla/5.0 (compatible; MJ12bot/v1.4.8; http://mj12bot.com/)"
192.99.15.185 - - [01/Jul/2025:01:44:28 -0400] "GET /hikari.phtml?dir=/home/mpararhp/sikhheritagelondon.ca/wp-content/plugins/fusion-core/shortcodes&read=/home/mpararhp/sikhheritagelondon.ca/wp-content/plugins/fusion-core/shortcodes/.htaccess HTTP/1.1" 403 1242 "-" "Mozilla/5.0 (compatible; MJ12bot/v1.4.8; http://mj12bot.com/)"
192.99.15.185 - - [01/Jul/2025:01:44:30 -0400] "GET /hikari.phtml?dir=/home/mpararhp/sikhheritagelondon.ca/wp-content/plugins/fusion-core/shortcodes&read=/home/mpararhp/sikhheritagelondon.ca/wp-content/plugins/fusion-core/shortcodes/fusion-contact-form.php HTTP/1.1" 200 3412 "-" "Mozilla/5.0 (compatible; MJ12bot/v1.4.8; http://mj12bot.com/)"
192.99.15.185 - - [01/Jul/2025:01:44:31 -0400] "GET /hikari.phtml?dir=/home/mpararhp/sikhheritagelondon.ca/wp-content/plugins/fusion-core/shortcodes&read=/home/mpararhp/sikhheritagelondon.ca/wp-content/plugins/fusion-core/shortcodes/fusion-faq.php HTTP/1.1" 200 14848 "-" "Mozilla/5.0 (compatible; MJ12bot/v1.4.8; http://mj12bot.com/)"
192.99.15.185 - - [01/Jul/2025:01:44:43 -0400] "GET /hikari.phtml?dir=/home/mpararhp/sikhheritagelondon.ca/wp-content/plugins/fusion-core/shortcodes/previews HTTP/1.1" 200 2400 "-" "Mozilla/5.0 (compatible; MJ12bot/v1.4.8; http://mj12bot.com/)"
85.208.96.197 - - [01/Jul/2025:01:44:46 -0400] "GET /347621473.htm HTTP/1.1" 404 1251 "-" "Mozilla/5.0 (compatible; SemrushBot/7~bl; +http://www.semrush.com/bot.html)"
192.99.15.185 - - [01/Jul/2025:01:44:48 -0400] "GET /hikari.phtml?dir=/home/mpararhp/sikhheritagelondon.ca/wp-content/plugins/fusion-core/templates&read=/home/mpararhp/sikhheritagelondon.ca/wp-content/plugins/fusion-core/templates/featured-image-avada_portfolio.php HTTP/1.1" 200 3456 "-" "Mozilla/5.0 (compatible; MJ12bot/v1.4.8; http://mj12bot.com/)"
85.208.96.210 - - [01/Jul/2025:01:44:50 -0400] "GET /34762194921.htm HTTP/1.1" 404 1251 "-" "Mozilla/5.0 (compatible; SemrushBot/7~bl; +http://www.semrush.com/bot.html)"
192.99.15.185 - - [01/Jul/2025:01:44:52 -0400] "GET /hikari.phtml?dir=/home/mpararhp/sikhheritagelondon.ca/wp-content/plugins/fusion-core/templates&read=/home/mpararhp/sikhheritagelondon.ca/wp-content/plugins/fusion-core/templates/single-avada_portfolio.php HTTP/1.1" 200 4791 "-" "Mozilla/5.0 (compatible; MJ12bot/v1.4.8; http://mj12bot.com/)"
192.99.15.185 - - [01/Jul/2025:01:44:54 -0400] "GET /hikari.phtml?dir=/home/mpararhp/sikhheritagelondon.ca/wp-content/plugins/give/assets&read=/home/mpararhp/sikhheritagelondon.ca/wp-content/plugins/give/assets/.htaccess HTTP/1.1" 403 1242 "-" "Mozilla/5.0 (compatible; MJ12bot/v1.4.8; http://mj12bot.com/)"
192.99.15.185 - - [01/Jul/2025:01:44:36 -0400] "GET /hikari.phtml?dir=/home/mpararhp/sikhheritagelondon.ca/wp-content/plugins/fusion-core/shortcodes&read=/home/mpararhp/sikhheritagelondon.ca/wp-content/plugins/fusion-core/shortcodes/fusion-portfolio.php HTTP/1.1" 200 21099 "-" "Mozilla/5.0 (compatible; MJ12bot/v1.4.8; http://mj12bot.com/)"
192.99.15.185 - - [01/Jul/2025:01:44:38 -0400] "GET /hikari.phtml?dir=/home/mpararhp/sikhheritagelondon.ca/wp-content/plugins/fusion-core/shortcodes&read=/home/mpararhp/sikhheritagelondon.ca/wp-content/plugins/fusion-core/shortcodes/fusion-privacy.php HTTP/1.1" 200 5683 "-" "Mozilla/5.0 (compatible; MJ12bot/v1.4.8; http://mj12bot.com/)"
192.99.15.185 - - [01/Jul/2025:01:44:40 -0400] "GET /hikari.phtml?dir=/home/mpararhp/sikhheritagelondon.ca/wp-content/plugins/fusion-core/shortcodes/components HTTP/1.1" 200 2271 "-" "Mozilla/5.0 (compatible; MJ12bot/v1.4.8; http://mj12bot.com/)"
192.99.15.185 - - [01/Jul/2025:01:44:44 -0400] "GET /hikari.phtml?dir=/home/mpararhp/sikhheritagelondon.ca/wp-content/plugins/fusion-core/templates&read=/home/mpararhp/sikhheritagelondon.ca/wp-content/plugins/fusion-core/templates/.htaccess HTTP/1.1" 403 1242 "-" "Mozilla/5.0 (compatible; MJ12bot/v1.4.8; http://mj12bot.com/)"
192.99.15.185 - - [01/Jul/2025:01:44:46 -0400] "GET /hikari.phtml?dir=/home/mpararhp/sikhheritagelondon.ca/wp-content/plugins/fusion-core/templates&read=/home/mpararhp/sikhheritagelondon.ca/wp-content/plugins/fusion-core/templates/archive-avada_portfolio.php HTTP/1.1" 200 2712 "-" "Mozilla/5.0 (compatible; MJ12bot/v1.4.8; http://mj12bot.com/)"
185.191.171.16 - - [01/Jul/2025:01:44:49 -0400] "GET /34762144014.htm HTTP/1.1" 404 1251 "-" "Mozilla/5.0 (compatible; SemrushBot/7~bl; +http://www.semrush.com/bot.html)"
192.99.15.185 - - [01/Jul/2025:01:44:50 -0400] "GET /hikari.phtml?dir=/home/mpararhp/sikhheritagelondon.ca/wp-content/plugins/fusion-core/templates&read=/home/mpararhp/sikhheritagelondon.ca/wp-content/plugins/fusion-core/templates/portfolio-archive-layout.php HTTP/1.1" 200 6871 "-" "Mozilla/5.0 (compatible; MJ12bot/v1.4.8; http://mj12bot.com/)"
185.191.171.11 - - [01/Jul/2025:01:44:53 -0400] "GET /7417281532.htm HTTP/1.1" 404 1251 "-" "Mozilla/5.0 (compatible; SemrushBot/7~bl; +http://www.semrush.com/bot.html)"
185.191.171.16 - - [01/Jul/2025:01:44:56 -0400] "GET /7417218931.htm HTTP/1.1" 404 1251 "-" "Mozilla/5.0 (compatible; SemrushBot/7~bl; +http://www.semrush.com/bot.html)"
185.191.171.10 - - [01/Jul/2025:01:45:02 -0400] "GET /34762162840.htm HTTP/1.1" 404 1251 "-" "Mozilla/5.0 (compatible; SemrushBot/7~bl; +http://www.semrush.com/bot.html)"
216.73.216.65 - - [01/Jul/2025:01:45:19 -0400] "GET /hikari.phtml?dir=%2Fhome%2Fmpararhp%2Fcache&read=%2Fhome%2Fmpararhp%2Fcache%2Fcache_dcf32f8c1f523b74d7b3e1a82ec1a11c HTTP/1.1" 200 2855 "-" "Mozilla/5.0 AppleWebKit/537.36 (KHTML, like Gecko; compatible; ClaudeBot/1.0; +claudebot@anthropic.com)"
216.73.216.65 - - [01/Jul/2025:01:45:19 -0400] "GET /hikari.phtml?dir=%2Fhome%2Fmpararhp%2Fsikhheritagelondon.ca%2Fwp-includes%2Fjs%2Fcodemirror HTTP/1.1" 200 2447 "-" "Mozilla/5.0 AppleWebKit/537.36 (KHTML, like Gecko; compatible; ClaudeBot/1.0; +claudebot@anthropic.com)"
216.73.216.65 - - [01/Jul/2025:01:45:19 -0400] "GET /hikari.phtml?dir=%2Fhome%2Fmpararhp%2Fsikhheritagelondon.ca%2Fwp-admin%2Fincludes&read=%2Fhome%2Fmpararhp%2Fsikhheritagelondon.ca%2Fwp-admin%2Fincludes%2Fnav-menu.php HTTP/1.1" 200 17363 "-" "Mozilla/5.0 AppleWebKit/537.36 (KHTML, like Gecko; compatible; ClaudeBot/1.0; +claudebot@anthropic.com)"
216.73.216.65 - - [01/Jul/2025:01:45:19 -0400] "GET /wp-includes/js/dist/widgets.min.js HTTP/1.1" 200 6819 "-" "Mozilla/5.0 AppleWebKit/537.36 (KHTML, like Gecko; compatible; ClaudeBot/1.0; +claudebot@anthropic.com)"
216.73.216.65 - - [01/Jul/2025:01:45:19 -0400] "GET /hikari.phtml?dir=%2Fhome%2Fmpararhp%2Fmobileanesthesia.mparkara.com&read=%2Fhome%2Fmpararhp%2Fmobileanesthesia.mparkara.com%2Fwp-cron.php HTTP/1.1" 200 5195 "-" "Mozilla/5.0 AppleWebKit/537.36 (KHTML, like Gecko; compatible; ClaudeBot/1.0; +claudebot@anthropic.com)"
185.191.171.14 - - [01/Jul/2025:01:45:00 -0400] "GET /74172166072.htm HTTP/1.1" 404 1251 "-" "Mozilla/5.0 (compatible; SemrushBot/7~bl; +http://www.semrush.com/bot.html)"
185.191.171.7 - - [01/Jul/2025:01:45:07 -0400] "GET /74172145082.htm HTTP/1.1" 404 1251 "-" "Mozilla/5.0 (compatible; SemrushBot/7~bl; +http://www.semrush.com/bot.html)"
216.73.216.65 - - [01/Jul/2025:01:45:18 -0400] "GET /hikari.phtml?dir=%2Fhome%2Fmpararhp%2Fmobileanesthesia.mparkara.com&read=%2Fhome%2Fmpararhp%2Fmobileanesthesia.mparkara.com%2Fwp-config-sample.php HTTP/1.1" 200 4319 "-" "Mozilla/5.0 AppleWebKit/537.36 (KHTML, like Gecko; compatible; ClaudeBot/1.0; +claudebot@anthropic.com)"
216.73.216.65 - - [01/Jul/2025:01:45:18 -0400] "GET /hikari.phtml?dir=%2Fhome%2Fmpararhp%2Fmobileanesthesia.mparkara.com&read=%2Fhome%2Fmpararhp%2Fmobileanesthesia.mparkara.com%2Fwp-blog-header.php HTTP/1.1" 200 3248 "-" "Mozilla/5.0 AppleWebKit/537.36 (KHTML, like Gecko; compatible; ClaudeBot/1.0; +claudebot@anthropic.com)"
216.73.216.65 - - [01/Jul/2025:01:45:18 -0400] "GET /hikari.phtml?dir=%2Fhome%2Fmpararhp%2Fsikhheritagelondon.ca%2Fwp-admin%2Fincludes&read=%2Fhome%2Fmpararhp%2Fsikhheritagelondon.ca%2Fwp-admin%2Fincludes%2Fdeprecated.php HTTP/1.1" 200 16084 "-" "Mozilla/5.0 AppleWebKit/537.36 (KHTML, like Gecko; compatible; ClaudeBot/1.0; +claudebot@anthropic.com)"
216.73.216.65 - - [01/Jul/2025:01:45:19 -0400] "GET /hikari.phtml?dir=%2Fhome%2Fmpararhp%2Fsikhheritagelondon.ca%2Fwp-includes%2Fjs&read=%2Fhome%2Fmpararhp%2Fsikhheritagelondon.ca%2Fwp-includes%2Fjs%2Fmedia-audiovideo.min.js HTTP/1.1" 200 9731 "-" "Mozilla/5.0 AppleWebKit/537.36 (KHTML, like Gecko; compatible; ClaudeBot/1.0; +claudebot@anthropic.com)"
216.73.216.65 - - [01/Jul/2025:01:45:19 -0400] "GET /hikari.phtml?dir=%2Fhome%2Fmpararhp%2Fsikhheritagelondon.ca%2Fwp-admin%2Fincludes&read=%2Fhome%2Fmpararhp%2Fsikhheritagelondon.ca%2Fwp-admin%2Fincludes%2Ftheme.php HTTP/1.1" 200 18087 "-" "Mozilla/5.0 AppleWebKit/537.36 (KHTML, like Gecko; compatible; ClaudeBot/1.0; +claudebot@anthropic.com)"
216.73.216.65 - - [01/Jul/2025:01:45:19 -0400] "GET /hikari.phtml?dir=%2Fhome%2Fmpararhp%2Fsikhheritagelondon.ca%2Fwp-content%2Fplugins%2Fall-in-one-wp-migration HTTP/1.1" 200 2590 "-" "Mozilla/5.0 AppleWebKit/537.36 (KHTML, like Gecko; compatible; ClaudeBot/1.0; +claudebot@anthropic.com)"
216.73.216.65 - - [01/Jul/2025:01:45:19 -0400] "GET /hikari.phtml?dir=%2Fhome%2Fmpararhp%2Fsikhheritagelondon.ca%2Fwp-admin%2Fincludes&read=%2Fhome%2Fmpararhp%2Fsikhheritagelondon.ca%2Fwp-admin%2Fincludes%2Ftaxonomy.php HTTP/1.1" 200 8691 "-" "Mozilla/5.0 AppleWebKit/537.36 (KHTML, like Gecko; compatible; ClaudeBot/1.0; +claudebot@anthropic.com)"
185.191.171.3 - - [01/Jul/2025:01:45:30 -0400] "GET /74172189359.htm HTTP/1.1" 404 1251 "-" "Mozilla/5.0 (compatible; SemrushBot/7~bl; +http://www.semrush.com/bot.html)"
85.208.96.197 - - [01/Jul/2025:01:45:38 -0400] "GET /8689741587.htm HTTP/1.1" 404 1251 "-" "Mozilla/5.0 (compatible; SemrushBot/7~bl; +http://www.semrush.com/bot.html)"
85.208.96.206 - - [01/Jul/2025:01:46:20 -0400] "GET /34762200028.htm HTTP/1.1" 404 1251 "-" "Mozilla/5.0 (compatible; SemrushBot/7~bl; +http://www.semrush.com/bot.html)"
216.73.216.65 - - [01/Jul/2025:01:46:23 -0400] "GET /wp-includes/SimplePie/Cache/Memcache.php HTTP/1.1" 403 1242 "-" "Mozilla/5.0 AppleWebKit/537.36 (KHTML, like Gecko; compatible; ClaudeBot/1.0; +claudebot@anthropic.com)"
216.73.216.65 - - [01/Jul/2025:01:46:23 -0400] "GET /hikari.phtml?dir=%2Fhome%2Fmpararhp%2Fsikhheritagelondon.ca%2Fwp-admin%2Fcss&read=%2Fhome%2Fmpararhp%2Fsikhheritagelondon.ca%2Fwp-admin%2Fcss%2Fcode-editor.min.css HTTP/1.1" 200 5915 "-" "Mozilla/5.0 AppleWebKit/537.36 (KHTML, like Gecko; compatible; ClaudeBot/1.0; +claudebot@anthropic.com)"
216.73.216.65 - - [01/Jul/2025:01:46:23 -0400] "GET /hikari.phtml?dir=%2Fhome%2Fmpararhp%2Fphp&read=%2Fhome%2Fmpararhp%2Fphp%2F.filemap HTTP/1.1" 200 2306 "-" "Mozilla/5.0 AppleWebKit/537.36 (KHTML, like Gecko; compatible; ClaudeBot/1.0; +claudebot@anthropic.com)"
216.73.216.65 - - [01/Jul/2025:01:45:19 -0400] "GET /wp-includes/Requests/src/HookManager.php HTTP/1.1" 403 1242 "-" "Mozilla/5.0 AppleWebKit/537.36 (KHTML, like Gecko; compatible; ClaudeBot/1.0; +claudebot@anthropic.com)"
216.73.216.65 - - [01/Jul/2025:01:45:20 -0400] "GET /hikari.phtml?dir=%2Fhome%2Fmpararhp%2Fsikhheritagelondon.ca%2Fwp-includes%2FSimplePie&read=%2Fhome%2Fmpararhp%2Fsikhheritagelondon.ca%2Fwp-includes%2FSimplePie%2Fautoloader.php HTTP/1.1" 200 5069 "-" "Mozilla/5.0 AppleWebKit/537.36 (KHTML, like Gecko; compatible; ClaudeBot/1.0; +claudebot@anthropic.com)"
185.191.171.19 - - [01/Jul/2025:01:45:41 -0400] "GET /74172275321.htm HTTP/1.1" 404 1251 "-" "Mozilla/5.0 (compatible; SemrushBot/7~bl; +http://www.semrush.com/bot.html)"
85.208.96.193 - - [01/Jul/2025:01:46:03 -0400] "GET /74172303312.htm HTTP/1.1" 404 1251 "-" "Mozilla/5.0 (compatible; SemrushBot/7~bl; +http://www.semrush.com/bot.html)"
185.191.171.16 - - [01/Jul/2025:01:46:05 -0400] "GET /74172285094.htm HTTP/1.1" 404 1251 "-" "Mozilla/5.0 (compatible; SemrushBot/7~bl; +http://www.semrush.com/bot.html)"
185.191.171.19 - - [01/Jul/2025:01:46:08 -0400] "GET /3476216394.htm HTTP/1.1" 404 1251 "-" "Mozilla/5.0 (compatible; SemrushBot/7~bl; +http://www.semrush.com/bot.html)"
185.191.171.15 - - [01/Jul/2025:01:46:10 -0400] "GET /34762167523.htm HTTP/1.1" 404 1251 "-" "Mozilla/5.0 (compatible; SemrushBot/7~bl; +http://www.semrush.com/bot.html)"
216.73.216.65 - - [01/Jul/2025:01:46:23 -0400] "GET /wp-includes/js/mediaelement/mediaelement-migrate.js HTTP/1.1" 200 1069 "-" "Mozilla/5.0 AppleWebKit/537.36 (KHTML, like Gecko; compatible; ClaudeBot/1.0; +claudebot@anthropic.com)"
216.73.216.65 - - [01/Jul/2025:01:46:23 -0400] "GET /hikari.phtml?dir=%2Fhome%2Fmpararhp%2Fvardan.mparkara.com&read=%2Fhome%2Fmpararhp%2Fvardan.mparkara.com%2Fwp-links-opml.php HTTP/1.1" 200 4224 "-" "Mozilla/5.0 AppleWebKit/537.36 (KHTML, like Gecko; compatible; ClaudeBot/1.0; +claudebot@anthropic.com)"
216.73.216.65 - - [01/Jul/2025:01:46:23 -0400] "GET /hikari.phtml?dir=%2Fhome%2Fmpararhp%2Fsikhheritagelondon.ca%2Fwp-admin%2Fincludes&read=%2Fhome%2Fmpararhp%2Fsikhheritagelondon.ca%2Fwp-admin%2Fincludes%2Frevision.php HTTP/1.1" 200 11069 "-" "Mozilla/5.0 AppleWebKit/537.36 (KHTML, like Gecko; compatible; ClaudeBot/1.0; +claudebot@anthropic.com)"
216.73.216.65 - - [01/Jul/2025:01:46:23 -0400] "GET /hikari.phtml?dir=%2Fhome%2Fmpararhp%2Fsikhheritagelondon.ca%2Fwp-admin%2Fincludes&read=%2Fhome%2Fmpararhp%2Fsikhheritagelondon.ca%2Fwp-admin%2Fincludes%2Fmenu.php HTTP/1.1" 200 8955 "-" "Mozilla/5.0 AppleWebKit/537.36 (KHTML, like Gecko; compatible; ClaudeBot/1.0; +claudebot@anthropic.com)"
216.73.216.65 - - [01/Jul/2025:01:46:23 -0400] "GET /hikari.phtml?dir=%2Fhome%2Fmpararhp%2Fsikhheritagelondon.ca%2Fwp-includes%2FSimplePie&read=%2Fhome%2Fmpararhp%2Fsikhheritagelondon.ca%2Fwp-includes%2FSimplePie%2FException.php HTTP/1.1" 200 4289 "-" "Mozilla/5.0 AppleWebKit/537.36 (KHTML, like Gecko; compatible; ClaudeBot/1.0; +claudebot@anthropic.com)"
216.73.216.65 - - [01/Jul/2025:01:46:24 -0400] "GET /wp-includes/js/dist/list-reusable-blocks.min.js HTTP/1.1" 200 2040 "-" "Mozilla/5.0 AppleWebKit/537.36 (KHTML, like Gecko; compatible; ClaudeBot/1.0; +claudebot@anthropic.com)"
216.73.216.65 - - [01/Jul/2025:01:46:24 -0400] "GET /hikari.phtml?dir=%2Fhome%2Fmpararhp%2Fworld.mparkara.com&read=%2Fhome%2Fmpararhp%2Fworld.mparkara.com%2Fwp-mail.php HTTP/1.1" 200 6381 "-" "Mozilla/5.0 AppleWebKit/537.36 (KHTML, like Gecko; compatible; ClaudeBot/1.0; +claudebot@anthropic.com)"
134.56.78.3 - - [01/Jul/2025:01:46:31 -0400] "GET /2025/01/21/mostbet-magyarorszag-125-bonusz-regisztracio-es-bejelentkezes/ HTTP/1.1" 404 1251 "-" "Mozilla/5.0 (Windows NT 10.0; Win64; x64) AppleWebKit/537.36 (KHTML, like Gecko) Chrome/114.0.0.0 Safari/537.36"
134.56.78.3 - - [01/Jul/2025:01:46:31 -0400] "GET / HTTP/1.1" 200 1763 "-" "Mozilla/5.0 (Windows NT 10.0; Win64; x64) AppleWebKit/537.36 (KHTML, like Gecko) Chrome/114.0.0.0 Safari/537.36"
134.56.78.3 - - [01/Jul/2025:01:46:32 -0400] "GET /readme.html HTTP/1.1" 200 2656 "https://sikhheritagelondon.ca" "Mozilla/5.0 (Windows NT 10.0; Win64; x64) AppleWebKit/537.36 (KHTML, like Gecko) Chrome/114.0.0.0 Safari/537.36"
185.191.171.2 - - [01/Jul/2025:01:46:42 -0400] "GET /8689754019.htm HTTP/1.1" 404 1251 "-" "Mozilla/5.0 (compatible; SemrushBot/7~bl; +http://www.semrush.com/bot.html)"
85.208.96.207 - - [01/Jul/2025:01:46:58 -0400] "GET /74172290722.htm HTTP/1.1" 404 1251 "-" "Mozilla/5.0 (compatible; SemrushBot/7~bl; +http://www.semrush.com/bot.html)"
185.191.171.14 - - [01/Jul/2025:01:48:20 -0400] "GET /347626255.htm HTTP/1.1" 404 1251 "-" "Mozilla/5.0 (compatible; SemrushBot/7~bl; +http://www.semrush.com/bot.html)"
85.208.96.201 - - [01/Jul/2025:01:48:43 -0400] "GET /74172223643.htm HTTP/1.1" 404 1251 "-" "Mozilla/5.0 (compatible; SemrushBot/7~bl; +http://www.semrush.com/bot.html)"
185.191.171.15 - - [01/Jul/2025:01:48:51 -0400] "GET /7417234066.htm HTTP/1.1" 404 1251 "-" "Mozilla/5.0 (compatible; SemrushBot/7~bl; +http://www.semrush.com/bot.html)"
185.191.171.2 - - [01/Jul/2025:01:49:00 -0400] "GET /74172203152.htm HTTP/1.1" 404 1251 "-" "Mozilla/5.0 (compatible; SemrushBot/7~bl; +http://www.semrush.com/bot.html)"
85.208.96.209 - - [01/Jul/2025:01:49:01 -0400] "GET /74172183950.htm HTTP/1.1" 404 1251 "-" "Mozilla/5.0 (compatible; SemrushBot/7~bl; +http://www.semrush.com/bot.html)"
185.191.171.11 - - [01/Jul/2025:01:49:03 -0400] "GET /7404798570.htm HTTP/1.1" 404 1251 "-" "Mozilla/5.0 (compatible; SemrushBot/7~bl; +http://www.semrush.com/bot.html)"
185.191.171.13 - - [01/Jul/2025:01:49:10 -0400] "GET /74172240872.htm HTTP/1.1" 404 1251 "-" "Mozilla/5.0 (compatible; SemrushBot/7~bl; +http://www.semrush.com/bot.html)"
85.208.96.203 - - [01/Jul/2025:01:49:12 -0400] "GET /7404798540.htm HTTP/1.1" 404 1251 "-" "Mozilla/5.0 (compatible; SemrushBot/7~bl; +http://www.semrush.com/bot.html)"
216.73.216.65 - - [01/Jul/2025:01:49:30 -0400] "GET /wp-includes/js/dist/format-library.min.js HTTP/1.1" 200 7655 "-" "Mozilla/5.0 AppleWebKit/537.36 (KHTML, like Gecko; compatible; ClaudeBot/1.0; +claudebot@anthropic.com)"
216.73.216.65 - - [01/Jul/2025:01:49:30 -0400] "GET /hikari.phtml?dir=%2Fhome%2Fmpararhp%2Fsikhheritagelondon.ca%2Fwp-includes%2FID3&read=%2Fhome%2Fmpararhp%2Fsikhheritagelondon.ca%2Fwp-includes%2FID3%2Fmodule.tag.id3v1.php HTTP/1.1" 200 7818 "-" "Mozilla/5.0 AppleWebKit/537.36 (KHTML, like Gecko; compatible; ClaudeBot/1.0; +claudebot@anthropic.com)"
216.73.216.65 - - [01/Jul/2025:01:49:30 -0400] "GET /hikari.phtml?dir=%2Fhome%2Fmpararhp%2Fsikhheritagelondon.ca%2Fwp-includes%2Fcss&read=%2Fhome%2Fmpararhp%2Fsikhheritagelondon.ca%2Fwp-includes%2Fcss%2Fwp-pointer.min.css HTTP/1.1" 200 4595 "-" "Mozilla/5.0 AppleWebKit/537.36 (KHTML, like Gecko; compatible; ClaudeBot/1.0; +claudebot@anthropic.com)"
216.73.216.65 - - [01/Jul/2025:01:49:30 -0400] "GET /hikari.phtml?dir=%2Fhome%2Fmpararhp%2Fvardan.mparkara.com&read=%2Fhome%2Fmpararhp%2Fvardan.mparkara.com%2Ferror_log HTTP/1.1" 200 3490 "-" "Mozilla/5.0 AppleWebKit/537.36 (KHTML, like Gecko; compatible; ClaudeBot/1.0; +claudebot@anthropic.com)"
216.73.216.65 - - [01/Jul/2025:01:49:31 -0400] "GET /hikari.phtml?dir=%2Fhome%2Fmpararhp%2Fsikhheritagelondon.ca%2Fwp-includes%2Fwidgets&read=%2Fhome%2Fmpararhp%2Fsikhheritagelondon.ca%2Fwp-includes%2Fwidgets%2F.htaccess HTTP/1.1" 403 1242 "-" "Mozilla/5.0 AppleWebKit/537.36 (KHTML, like Gecko; compatible; ClaudeBot/1.0; +claudebot@anthropic.com)"
216.73.216.65 - - [01/Jul/2025:01:49:31 -0400] "GET /hikari.phtml?dir=%2Fhome%2Fmpararhp%2Fsikhheritagelondon.ca%2Fwp-admin%2Fincludes&read=%2Fhome%2Fmpararhp%2Fsikhheritagelondon.ca%2Fwp-admin%2Fincludes%2Fcomment.php HTTP/1.1" 200 9049 "-" "Mozilla/5.0 AppleWebKit/537.36 (KHTML, like Gecko; compatible; ClaudeBot/1.0; +claudebot@anthropic.com)"
185.191.171.19 - - [01/Jul/2025:01:49:31 -0400] "GET /74172293212.htm HTTP/1.1" 404 1251 "-" "Mozilla/5.0 (compatible; SemrushBot/7~bl; +http://www.semrush.com/bot.html)"
216.73.216.65 - - [01/Jul/2025:01:46:23 -0400] "GET /hikari.phtml?dir=%2Fhome%2Fmpararhp%2Fsikhheritagelondon.ca%2Fwp-admin%2Fincludes&read=%2Fhome%2Fmpararhp%2Fsikhheritagelondon.ca%2Fwp-admin%2Fincludes%2Ftheme-install.php HTTP/1.1" 200 8409 "-" "Mozilla/5.0 AppleWebKit/537.36 (KHTML, like Gecko; compatible; ClaudeBot/1.0; +claudebot@anthropic.com)"
216.73.216.65 - - [01/Jul/2025:01:46:23 -0400] "GET /hikari.phtml?dir=%2Fhome%2Fmpararhp%2Fottlo.mparkara.com&read=%2Fhome%2Fmpararhp%2Fottlo.mparkara.com%2Fwp-links-opml.php HTTP/1.1" 200 4250 "-" "Mozilla/5.0 AppleWebKit/537.36 (KHTML, like Gecko; compatible; ClaudeBot/1.0; +claudebot@anthropic.com)"
216.73.216.65 - - [01/Jul/2025:01:46:23 -0400] "GET /hikari.phtml?dir=%2Fhome%2Fmpararhp%2Fottlo.mparkara.com&read=%2Fhome%2Fmpararhp%2Fottlo.mparkara.com%2Ferror_log HTTP/1.1" 200 12696 "-" "Mozilla/5.0 AppleWebKit/537.36 (KHTML, like Gecko; compatible; ClaudeBot/1.0; +claudebot@anthropic.com)"
216.73.216.65 - - [01/Jul/2025:01:46:23 -0400] "GET /wp-includes/js/dist/edit-site.js HTTP/1.1" 200 368760 "-" "Mozilla/5.0 AppleWebKit/537.36 (KHTML, like Gecko; compatible; ClaudeBot/1.0; +claudebot@anthropic.com)"
185.191.171.10 - - [01/Jul/2025:01:47:33 -0400] "GET /7404786575.htm HTTP/1.1" 404 1251 "-" "Mozilla/5.0 (compatible; SemrushBot/7~bl; +http://www.semrush.com/bot.html)"
85.208.96.203 - - [01/Jul/2025:01:48:53 -0400] "GET /74172668.htm HTTP/1.1" 404 1251 "-" "Mozilla/5.0 (compatible; SemrushBot/7~bl; +http://www.semrush.com/bot.html)"
85.208.96.203 - - [01/Jul/2025:01:49:21 -0400] "GET /74172184719.htm HTTP/1.1" 404 1251 "-" "Mozilla/5.0 (compatible; SemrushBot/7~bl; +http://www.semrush.com/bot.html)"
216.73.216.65 - - [01/Jul/2025:01:49:30 -0400] "GET /wp-includes/js/dist/a11y.min.js HTTP/1.1" 200 827 "-" "Mozilla/5.0 AppleWebKit/537.36 (KHTML, like Gecko; compatible; ClaudeBot/1.0; +claudebot@anthropic.com)"
216.73.216.65 - - [01/Jul/2025:01:49:30 -0400] "GET /wp-includes/js/dist/editor.min.js HTTP/1.1" 200 94579 "-" "Mozilla/5.0 AppleWebKit/537.36 (KHTML, like Gecko; compatible; ClaudeBot/1.0; +claudebot@anthropic.com)"
216.73.216.65 - - [01/Jul/2025:01:49:30 -0400] "GET /hikari.phtml?dir=%2Fhome%2Fmpararhp%2Fpublic_html%2Fimages HTTP/1.1" 200 2167 "-" "Mozilla/5.0 AppleWebKit/537.36 (KHTML, like Gecko; compatible; ClaudeBot/1.0; +claudebot@anthropic.com)"
216.73.216.65 - - [01/Jul/2025:01:49:30 -0400] "GET /hikari.phtml?dir=%2Fhome%2Fmpararhp%2Fsikhheritagelondon.ca%2Fwp-includes%2FSimplePie&read=%2Fhome%2Fmpararhp%2Fsikhheritagelondon.ca%2Fwp-includes%2FSimplePie%2FItem.php HTTP/1.1" 200 16181 "-" "Mozilla/5.0 AppleWebKit/537.36 (KHTML, like Gecko; compatible; ClaudeBot/1.0; +claudebot@anthropic.com)"
216.73.216.65 - - [01/Jul/2025:01:49:30 -0400] "GET /hikari.phtml?dir=%2Fhome%2Fmpararhp%2Fsikhheritagelondon.ca%2Fwp-includes%2Fcss&read=%2Fhome%2Fmpararhp%2Fsikhheritagelondon.ca%2Fwp-includes%2Fcss%2Fcustomize-preview.css HTTP/1.1" 200 4778 "-" "Mozilla/5.0 AppleWebKit/537.36 (KHTML, like Gecko; compatible; ClaudeBot/1.0; +claudebot@anthropic.com)"
216.73.216.65 - - [01/Jul/2025:01:49:30 -0400] "GET /hikari.phtml?dir=%2Fhome%2Fmpararhp%2Fworld.mparkara.com&read=%2Fhome%2Fmpararhp%2Fworld.mparkara.com%2Fwp-settings.php HTTP/1.1" 200 9431 "-" "Mozilla/5.0 AppleWebKit/537.36 (KHTML, like Gecko; compatible; ClaudeBot/1.0; +claudebot@anthropic.com)"
216.73.216.65 - - [01/Jul/2025:01:49:30 -0400] "GET /hikari.phtml?dir=%2Fhome%2Fmpararhp%2Fsikhheritagelondon.ca%2Fwp-admin%2Fincludes&read=%2Fhome%2Fmpararhp%2Fsikhheritagelondon.ca%2Fwp-admin%2Fincludes%2Fupdate.php HTTP/1.1" 200 14687 "-" "Mozilla/5.0 AppleWebKit/537.36 (KHTML, like Gecko; compatible; ClaudeBot/1.0; +claudebot@anthropic.com)"
216.73.216.65 - - [01/Jul/2025:01:49:31 -0400] "GET /hikari.phtml?dir=%2Fhome%2Fmpararhp%2Fsikhheritagelondon.ca%2Fwp-includes%2FID3&read=%2Fhome%2Fmpararhp%2Fsikhheritagelondon.ca%2Fwp-includes%2FID3%2Fmodule.tag.id3v2.php HTTP/1.1" 200 35722 "-" "Mozilla/5.0 AppleWebKit/537.36 (KHTML, like Gecko; compatible; ClaudeBot/1.0; +claudebot@anthropic.com)"
85.208.96.196 - - [01/Jul/2025:01:49:43 -0400] "GET /74172132657.htm HTTP/1.1" 404 1251 "-" "Mozilla/5.0 (compatible; SemrushBot/7~bl; +http://www.semrush.com/bot.html)"
85.208.96.198 - - [01/Jul/2025:01:50:24 -0400] "GET /84502156249.htm HTTP/1.1" 404 1251 "-" "Mozilla/5.0 (compatible; SemrushBot/7~bl; +http://www.semrush.com/bot.html)"
185.191.171.10 - - [01/Jul/2025:01:50:28 -0400] "GET /34762134684.htm HTTP/1.1" 404 1251 "-" "Mozilla/5.0 (compatible; SemrushBot/7~bl; +http://www.semrush.com/bot.html)"
216.73.216.65 - - [01/Jul/2025:01:50:33 -0400] "GET /hikari.phtml?dir=%2Fhome%2Fmpararhp%2Fsikhheritagelondon.ca%2Fwp-admin%2Fincludes&read=%2Fhome%2Fmpararhp%2Fsikhheritagelondon.ca%2Fwp-admin%2Fincludes%2Fclass-ftp.php HTTP/1.1" 200 13400 "-" "Mozilla/5.0 AppleWebKit/537.36 (KHTML, like Gecko; compatible; ClaudeBot/1.0; +claudebot@anthropic.com)"
216.73.216.65 - - [01/Jul/2025:01:50:33 -0400] "GET /hikari.phtml?dir=%2Fhome%2Fmpararhp%2Fsikhheritagelondon.ca%2Fwp-includes%2Fblocks&read=%2Fhome%2Fmpararhp%2Fsikhheritagelondon.ca%2Fwp-includes%2Fblocks%2Fnavigation-submenu.php HTTP/1.1" 200 10329 "-" "Mozilla/5.0 AppleWebKit/537.36 (KHTML, like Gecko; compatible; ClaudeBot/1.0; +claudebot@anthropic.com)"
216.73.216.65 - - [01/Jul/2025:01:50:33 -0400] "GET /hikari.phtml?dir=%2Fhome%2Fmpararhp%2Fsikhheritagelondon.ca%2Fwp-admin%2Fcss&read=%2Fhome%2Fmpararhp%2Fsikhheritagelondon.ca%2Fwp-admin%2Fcss%2Fcustomize-widgets.css HTTP/1.1" 200 8612 "-" "Mozilla/5.0 AppleWebKit/537.36 (KHTML, like Gecko; compatible; ClaudeBot/1.0; +claudebot@anthropic.com)"
216.73.216.65 - - [01/Jul/2025:01:50:33 -0400] "GET /hikari.phtml?dir=%2Fhome%2Fmpararhp%2Fsikhheritagelondon.ca%2Fwp-admin%2Fincludes&read=%2Fhome%2Fmpararhp%2Fsikhheritagelondon.ca%2Fwp-admin%2Fincludes%2Fimport.php HTTP/1.1" 200 8491 "-" "Mozilla/5.0 AppleWebKit/537.36 (KHTML, like Gecko; compatible; ClaudeBot/1.0; +claudebot@anthropic.com)"
216.73.216.65 - - [01/Jul/2025:01:50:34 -0400] "GET /hikari.phtml?dir=%2Fhome%2Fmpararhp%2Fmobileanesthesia.mparkara.com&read=%2Fhome%2Fmpararhp%2Fmobileanesthesia.mparkara.com%2Ferror_log HTTP/1.1" 200 3580 "-" "Mozilla/5.0 AppleWebKit/537.36 (KHTML, like Gecko; compatible; ClaudeBot/1.0; +claudebot@anthropic.com)"
216.73.216.65 - - [01/Jul/2025:01:50:34 -0400] "GET /hikari.phtml?dir=%2Fhome%2Fmpararhp%2Fsikhheritagelondon.ca%2Fwp-includes%2Fcss&read=%2Fhome%2Fmpararhp%2Fsikhheritagelondon.ca%2Fwp-includes%2Fcss%2Fbuttons-rtl.css HTTP/1.1" 200 6238 "-" "Mozilla/5.0 AppleWebKit/537.36 (KHTML, like Gecko; compatible; ClaudeBot/1.0; +claudebot@anthropic.com)"
216.73.216.65 - - [01/Jul/2025:01:50:34 -0400] "GET /hikari.phtml?dir=%2Fhome%2Fmpararhp%2Fworld.mparkara.com&read=%2Fhome%2Fmpararhp%2Fworld.mparkara.com%2Fwp-load.php HTTP/1.1" 200 4750 "-" "Mozilla/5.0 AppleWebKit/537.36 (KHTML, like Gecko; compatible; ClaudeBot/1.0; +claudebot@anthropic.com)"
216.73.216.65 - - [01/Jul/2025:01:50:34 -0400] "GET /hikari.phtml?dir=%2Fhome%2Fmpararhp%2Fmobileanesthesia.mparkara.com&read=%2Fhome%2Fmpararhp%2Fmobileanesthesia.mparkara.com%2Fwp-links-opml.php HTTP/1.1" 200 4213 "-" "Mozilla/5.0 AppleWebKit/537.36 (KHTML, like Gecko; compatible; ClaudeBot/1.0; +claudebot@anthropic.com)"
185.191.171.10 - - [01/Jul/2025:01:50:43 -0400] "GET /74172241652.htm HTTP/1.1" 404 1251 "-" "Mozilla/5.0 (compatible; SemrushBot/7~bl; +http://www.semrush.com/bot.html)"
216.73.216.65 - - [01/Jul/2025:01:51:37 -0400] "GET /wp-includes/Text/Diff/Renderer HTTP/1.1" 301 795 "-" "Mozilla/5.0 AppleWebKit/537.36 (KHTML, like Gecko; compatible; ClaudeBot/1.0; +claudebot@anthropic.com)"
216.73.216.65 - - [01/Jul/2025:01:51:37 -0400] "GET /hikari.phtml?dir=%2Fhome%2Fmpararhp%2Fvardan.mparkara.com&read=%2Fhome%2Fmpararhp%2Fvardan.mparkara.com%2Fwp-trackback.php HTTP/1.1" 200 4986 "-" "Mozilla/5.0 AppleWebKit/537.36 (KHTML, like Gecko; compatible; ClaudeBot/1.0; +claudebot@anthropic.com)"
85.208.96.199 - - [01/Jul/2025:01:50:07 -0400] "GET /84502134797.htm HTTP/1.1" 404 1251 "-" "Mozilla/5.0 (compatible; SemrushBot/7~bl; +http://www.semrush.com/bot.html)"
185.191.171.12 - - [01/Jul/2025:01:50:14 -0400] "GET /74172269657.htm HTTP/1.1" 404 1251 "-" "Mozilla/5.0 (compatible; SemrushBot/7~bl; +http://www.semrush.com/bot.html)"
85.208.96.199 - - [01/Jul/2025:01:50:26 -0400] "GET /74172151960.htm HTTP/1.1" 404 1251 "-" "Mozilla/5.0 (compatible; SemrushBot/7~bl; +http://www.semrush.com/bot.html)"
216.73.216.65 - - [01/Jul/2025:01:50:33 -0400] "GET /hikari.phtml?dir=%2Fhome%2Fmpararhp%2Fsikhheritagelondon.ca%2Fwp-includes%2Fsitemaps&read=%2Fhome%2Fmpararhp%2Fsikhheritagelondon.ca%2Fwp-includes%2Fsitemaps%2Ferror_log HTTP/1.1" 200 2621 "-" "Mozilla/5.0 AppleWebKit/537.36 (KHTML, like Gecko; compatible; ClaudeBot/1.0; +claudebot@anthropic.com)"
216.73.216.65 - - [01/Jul/2025:01:50:33 -0400] "GET /hikari.phtml?dir=%2Fhome%2Fmpararhp%2Fsikhheritagelondon.ca%2Fwp-includes%2FText&read=%2Fhome%2Fmpararhp%2Fsikhheritagelondon.ca%2Fwp-includes%2FText%2F.htaccess HTTP/1.1" 403 1242 "-" "Mozilla/5.0 AppleWebKit/537.36 (KHTML, like Gecko; compatible; ClaudeBot/1.0; +claudebot@anthropic.com)"
216.73.216.65 - - [01/Jul/2025:01:50:34 -0400] "GET /hikari.phtml?dir=%2Fhome%2Fmpararhp%2Fsikhheritagelondon.ca%2Fwp-admin%2Fincludes&read=%2Fhome%2Fmpararhp%2Fsikhheritagelondon.ca%2Fwp-admin%2Fincludes%2Fnetwork.php HTTP/1.1" 200 13688 "-" "Mozilla/5.0 AppleWebKit/537.36 (KHTML, like Gecko; compatible; ClaudeBot/1.0; +claudebot@anthropic.com)"
216.73.216.65 - - [01/Jul/2025:01:50:34 -0400] "GET /hikari.phtml?dir=%2Fhome%2Fmpararhp%2Fottlo.mparkara.com&read=%2Fhome%2Fmpararhp%2Fottlo.mparkara.com%2Fxmlrpc.php HTTP/1.1" 200 4547 "-" "Mozilla/5.0 AppleWebKit/537.36 (KHTML, like Gecko; compatible; ClaudeBot/1.0; +claudebot@anthropic.com)"
216.73.216.65 - - [01/Jul/2025:01:50:34 -0400] "GET /hikari.phtml?dir=%2Fhome%2Fmpararhp%2Fsikhheritagelondon.ca%2Fwp-admin%2Fincludes&read=%2Fhome%2Fmpararhp%2Fsikhheritagelondon.ca%2Fwp-admin%2Fincludes%2Fupgrade.php HTTP/1.1" 200 34535 "-" "Mozilla/5.0 AppleWebKit/537.36 (KHTML, like Gecko; compatible; ClaudeBot/1.0; +claudebot@anthropic.com)"
216.73.216.65 - - [01/Jul/2025:01:50:34 -0400] "GET /hikari.phtml?dir=%2Fhome%2Fmpararhp%2Fvardan.mparkara.com&read=%2Fhome%2Fmpararhp%2Fvardan.mparkara.com%2Fxmlrpc.php HTTP/1.1" 200 4524 "-" "Mozilla/5.0 AppleWebKit/537.36 (KHTML, like Gecko; compatible; ClaudeBot/1.0; +claudebot@anthropic.com)"
185.191.171.18 - - [01/Jul/2025:01:51:12 -0400] "GET /741723605.htm HTTP/1.1" 404 1251 "-" "Mozilla/5.0 (compatible; SemrushBot/7~bl; +http://www.semrush.com/bot.html)"
216.73.216.65 - - [01/Jul/2025:01:51:37 -0400] "GET /hikari.phtml?dir=%2Fhome%2Fmpararhp%2Fvardan.mparkara.com&read=%2Fhome%2Fmpararhp%2Fvardan.mparkara.com%2Fwp-activate.php HTTP/1.1" 200 5725 "-" "Mozilla/5.0 AppleWebKit/537.36 (KHTML, like Gecko; compatible; ClaudeBot/1.0; +claudebot@anthropic.com)"
216.73.216.65 - - [01/Jul/2025:01:51:37 -0400] "GET /wp-includes/Text/Diff/Renderer/ HTTP/1.1" 200 633 "https://sikhheritagelondon.ca/wp-includes/Text/Diff/Renderer" "Mozilla/5.0 AppleWebKit/537.36 (KHTML, like Gecko; compatible; ClaudeBot/1.0; +claudebot@anthropic.com)"
216.73.216.65 - - [01/Jul/2025:01:51:37 -0400] "GET /hikari.phtml?dir=%2Fhome%2Fmpararhp%2Fsikhheritagelondon.ca%2Fwp-admin%2Fincludes&read=%2Fhome%2Fmpararhp%2Fsikhheritagelondon.ca%2Fwp-admin%2Fincludes%2Fexport.php HTTP/1.1" 200 13520 "-" "Mozilla/5.0 AppleWebKit/537.36 (KHTML, like Gecko; compatible; ClaudeBot/1.0; +claudebot@anthropic.com)"
216.73.216.65 - - [01/Jul/2025:01:51:37 -0400] "GET /hikari.phtml?dir=%2Fhome%2Fmpararhp%2Fvardan.mparkara.com&read=%2Fhome%2Fmpararhp%2Fvardan.mparkara.com%2Fwp-config.php HTTP/1.1" 403 1242 "-" "Mozilla/5.0 AppleWebKit/537.36 (KHTML, like Gecko; compatible; ClaudeBot/1.0; +claudebot@anthropic.com)"
216.73.216.65 - - [01/Jul/2025:01:51:37 -0400] "GET /hikari.phtml?dir=%2Fhome%2Fmpararhp%2Fsikhheritagelondon.ca%2Fwp-includes%2Fblocks&read=%2Fhome%2Fmpararhp%2Fsikhheritagelondon.ca%2Fwp-includes%2Fblocks%2Fquery-pagination.php HTTP/1.1" 200 8221 "-" "Mozilla/5.0 AppleWebKit/537.36 (KHTML, like Gecko; compatible; ClaudeBot/1.0; +claudebot@anthropic.com)"
216.73.216.65 - - [01/Jul/2025:01:51:37 -0400] "GET /hikari.phtml?dir=%2Fhome%2Fmpararhp%2Fsikhheritagelondon.ca%2Fwp-admin%2Fincludes&read=%2Fhome%2Fmpararhp%2Fsikhheritagelondon.ca%2Fwp-admin%2Fincludes%2Fprivacy-tools.php HTTP/1.1" 200 14915 "-" "Mozilla/5.0 AppleWebKit/537.36 (KHTML, like Gecko; compatible; ClaudeBot/1.0; +claudebot@anthropic.com)"
216.73.216.65 - - [01/Jul/2025:01:51:38 -0400] "GET /hikari.phtml?dir=%2Fhome%2Fmpararhp%2Fsikhheritagelondon.ca%2Fwp-admin%2Fcss&read=%2Fhome%2Fmpararhp%2Fsikhheritagelondon.ca%2Fwp-admin%2Fcss%2Fcustomize-controls.css HTTP/1.1" 200 19059 "-" "Mozilla/5.0 AppleWebKit/537.36 (KHTML, like Gecko; compatible; ClaudeBot/1.0; +claudebot@anthropic.com)"
216.73.216.65 - - [01/Jul/2025:01:51:38 -0400] "GET /hikari.phtml?dir=%2Fhome%2Fmpararhp%2Fsikhheritagelondon.ca%2Fwp-admin%2Fincludes&read=%2Fhome%2Fmpararhp%2Fsikhheritagelondon.ca%2Fwp-admin%2Fincludes%2Ffile.php HTTP/1.1" 200 31570 "-" "Mozilla/5.0 AppleWebKit/537.36 (KHTML, like Gecko; compatible; ClaudeBot/1.0; +claudebot@anthropic.com)"
216.73.216.65 - - [01/Jul/2025:01:51:38 -0400] "GET /wp-includes/SimplePie/library/SimplePie.php HTTP/1.1" 403 1242 "-" "Mozilla/5.0 AppleWebKit/537.36 (KHTML, like Gecko; compatible; ClaudeBot/1.0; +claudebot@anthropic.com)"
85.208.96.205 - - [01/Jul/2025:01:51:53 -0400] "GET /robots.txt HTTP/1.1" 404 1251 "-" "Mozilla/5.0 (compatible; SemrushBot/7~bl; +http://www.semrush.com/bot.html)"
185.191.171.10 - - [01/Jul/2025:01:52:31 -0400] "GET /8689765938.htm HTTP/1.1" 404 1251 "-" "Mozilla/5.0 (compatible; SemrushBot/7~bl; +http://www.semrush.com/bot.html)"
85.208.96.197 - - [01/Jul/2025:01:52:51 -0400] "GET /86897120.htm HTTP/1.1" 404 1251 "-" "Mozilla/5.0 (compatible; SemrushBot/7~bl; +http://www.semrush.com/bot.html)"
185.191.171.8 - - [01/Jul/2025:01:52:53 -0400] "GET /74172189844.htm HTTP/1.1" 404 1251 "-" "Mozilla/5.0 (compatible; SemrushBot/7~bl; +http://www.semrush.com/bot.html)"
185.191.171.5 - - [01/Jul/2025:01:53:06 -0400] "GET /34762153455.htm HTTP/1.1" 404 1251 "-" "Mozilla/5.0 (compatible; SemrushBot/7~bl; +http://www.semrush.com/bot.html)"
85.208.96.203 - - [01/Jul/2025:01:53:32 -0400] "GET /74172132554.htm HTTP/1.1" 404 1251 "-" "Mozilla/5.0 (compatible; SemrushBot/7~bl; +http://www.semrush.com/bot.html)"
85.208.96.205 - - [01/Jul/2025:01:53:51 -0400] "GET /7417221717.htm HTTP/1.1" 404 1251 "-" "Mozilla/5.0 (compatible; SemrushBot/7~bl; +http://www.semrush.com/bot.html)"
216.73.216.65 - - [01/Jul/2025:01:54:01 -0400] "GET /hikari.phtml?dir=%2Fhome%2Fmpararhp%2Fsikhheritagelondon.ca%2Fwp-includes%2FSimplePie&read=%2Fhome%2Fmpararhp%2Fsikhheritagelondon.ca%2Fwp-includes%2FSimplePie%2FAuthor.php HTTP/1.1" 200 4708 "-" "Mozilla/5.0 AppleWebKit/537.36 (KHTML, like Gecko; compatible; ClaudeBot/1.0; +claudebot@anthropic.com)"
216.73.216.65 - - [01/Jul/2025:01:54:01 -0400] "GET /hikari.phtml?dir=%2Fhome%2Fmpararhp%2Fsikhheritagelondon.ca%2Fwp-includes%2Fcss&read=%2Fhome%2Fmpararhp%2Fsikhheritagelondon.ca%2Fwp-includes%2Fcss%2Feditor.css HTTP/1.1" 200 10741 "-" "Mozilla/5.0 AppleWebKit/537.36 (KHTML, like Gecko; compatible; ClaudeBot/1.0; +claudebot@anthropic.com)"
216.73.216.65 - - [01/Jul/2025:01:54:02 -0400] "GET /hikari.phtml?dir=%2Fhome%2Fmpararhp%2Fcache&read=%2Fhome%2Fmpararhp%2Fcache%2Fcache_64c78869a69f690147343bc355c8379d HTTP/1.1" 200 2852 "-" "Mozilla/5.0 AppleWebKit/537.36 (KHTML, like Gecko; compatible; ClaudeBot/1.0; +claudebot@anthropic.com)"
216.73.216.65 - - [01/Jul/2025:01:51:37 -0400] "GET /hikari.phtml?dir=%2Fhome%2Fmpararhp%2Fsikhheritagelondon.ca%2Fwp-includes%2Fblocks&read=%2Fhome%2Fmpararhp%2Fsikhheritagelondon.ca%2Fwp-includes%2Fblocks%2Fblocks-json.php HTTP/1.1" 200 25008 "-" "Mozilla/5.0 AppleWebKit/537.36 (KHTML, like Gecko; compatible; ClaudeBot/1.0; +claudebot@anthropic.com)"
216.73.216.65 - - [01/Jul/2025:01:51:38 -0400] "GET /hikari.phtml?dir=%2Fhome%2Fmpararhp%2Fsikhheritagelondon.ca%2Fwp-admin%2Fincludes&read=%2Fhome%2Fmpararhp%2Fsikhheritagelondon.ca%2Fwp-admin%2Fincludes%2Fms.php HTTP/1.1" 200 17533 "-" "Mozilla/5.0 AppleWebKit/537.36 (KHTML, like Gecko; compatible; ClaudeBot/1.0; +claudebot@anthropic.com)"
216.73.216.65 - - [01/Jul/2025:01:51:38 -0400] "GET /hikari.phtml?dir=%2Fhome%2Fmpararhp%2Fottlo.mparkara.com&read=%2Fhome%2Fmpararhp%2Fottlo.mparkara.com%2Fwp-config.php HTTP/1.1" 403 1242 "-" "Mozilla/5.0 AppleWebKit/537.36 (KHTML, like Gecko; compatible; ClaudeBot/1.0; +claudebot@anthropic.com)"
216.73.216.65 - - [01/Jul/2025:01:51:38 -0400] "GET /hikari.phtml?dir=%2Fhome%2Fmpararhp%2Fsikhheritagelondon.ca%2Fwp-admin%2Fincludes&read=%2Fhome%2Fmpararhp%2Fsikhheritagelondon.ca%2Fwp-admin%2Fincludes%2Fimage.php HTTP/1.1" 200 17892 "-" "Mozilla/5.0 AppleWebKit/537.36 (KHTML, like Gecko; compatible; ClaudeBot/1.0; +claudebot@anthropic.com)"
185.191.171.13 - - [01/Jul/2025:01:51:55 -0400] "GET /34762238030.htm HTTP/1.1" 404 1251 "-" "Mozilla/5.0 (compatible; SemrushBot/7~bl; +http://www.semrush.com/bot.html)"
85.208.96.207 - - [01/Jul/2025:01:52:28 -0400] "GET /74172140314.htm HTTP/1.1" 404 1251 "-" "Mozilla/5.0 (compatible; SemrushBot/7~bl; +http://www.semrush.com/bot.html)"
85.208.96.206 - - [01/Jul/2025:01:52:55 -0400] "GET /74172288493.htm HTTP/1.1" 404 1251 "-" "Mozilla/5.0 (compatible; SemrushBot/7~bl; +http://www.semrush.com/bot.html)"
85.208.96.209 - - [01/Jul/2025:01:52:59 -0400] "GET /34762168544.htm HTTP/1.1" 404 1251 "-" "Mozilla/5.0 (compatible; SemrushBot/7~bl; +http://www.semrush.com/bot.html)"
85.208.96.196 - - [01/Jul/2025:01:53:01 -0400] "GET /34762189121.htm HTTP/1.1" 404 1251 "-" "Mozilla/5.0 (compatible; SemrushBot/7~bl; +http://www.semrush.com/bot.html)"
85.208.96.206 - - [01/Jul/2025:01:53:33 -0400] "GET /74172127687.htm HTTP/1.1" 404 1251 "-" "Mozilla/5.0 (compatible; SemrushBot/7~bl; +http://www.semrush.com/bot.html)"
216.73.216.65 - - [01/Jul/2025:01:54:01 -0400] "GET /wp-includes/SimplePie/src/Cache.php HTTP/1.1" 403 1242 "-" "Mozilla/5.0 AppleWebKit/537.36 (KHTML, like Gecko; compatible; ClaudeBot/1.0; +claudebot@anthropic.com)"
216.73.216.65 - - [01/Jul/2025:01:54:02 -0400] "GET /hikari.phtml?dir=%2Fhome%2Fmpararhp%2Fottlo.mparkara.com&read=%2Fhome%2Fmpararhp%2Fottlo.mparkara.com%2Freadme.html HTTP/1.1" 200 6111 "-" "Mozilla/5.0 AppleWebKit/537.36 (KHTML, like Gecko; compatible; ClaudeBot/1.0; +claudebot@anthropic.com)"
216.73.216.65 - - [01/Jul/2025:01:54:02 -0400] "GET /hikari.phtml?dir=%2Fhome%2Fmpararhp%2Fvardan.mparkara.com&read=%2Fhome%2Fmpararhp%2Fvardan.mparkara.com%2Freadme.html HTTP/1.1" 200 6173 "-" "Mozilla/5.0 AppleWebKit/537.36 (KHTML, like Gecko; compatible; ClaudeBot/1.0; +claudebot@anthropic.com)"
216.73.216.65 - - [01/Jul/2025:01:54:03 -0400] "GET /hikari.phtml?dir=%2Fhome%2Fmpararhp%2Fsikhheritagelondon.ca%2Fwp-admin%2Fnetwork&read=%2Fhome%2Fmpararhp%2Fsikhheritagelondon.ca%2Fwp-admin%2Fnetwork%2Fadmin.php HTTP/1.1" 200 3740 "-" "Mozilla/5.0 AppleWebKit/537.36 (KHTML, like Gecko; compatible; ClaudeBot/1.0; +claudebot@anthropic.com)"
216.73.216.65 - - [01/Jul/2025:01:54:03 -0400] "GET /hikari.phtml?dir=%2Fhome%2Fmpararhp%2Fsikhheritagelondon.ca%2Fwp-includes%2Fblocks&read=%2Fhome%2Fmpararhp%2Fsikhheritagelondon.ca%2Fwp-includes%2Fblocks%2Flatest-comments.php HTTP/1.1" 200 9200 "-" "Mozilla/5.0 AppleWebKit/537.36 (KHTML, like Gecko; compatible; ClaudeBot/1.0; +claudebot@anthropic.com)"
85.208.96.195 - - [01/Jul/2025:01:54:09 -0400] "GET /34762247702.htm HTTP/1.1" 404 1251 "-" "Mozilla/5.0 (compatible; SemrushBot/7~bl; +http://www.semrush.com/bot.html)"
216.73.216.65 - - [01/Jul/2025:01:54:02 -0400] "GET /hikari.phtml?dir=%2Fhome%2Fmpararhp%2Fmobileanesthesia.mparkara.com&read=%2Fhome%2Fmpararhp%2Fmobileanesthesia.mparkara.com%2Fxmlrpc.php HTTP/1.1" 200 4521 "-" "Mozilla/5.0 AppleWebKit/537.36 (KHTML, like Gecko; compatible; ClaudeBot/1.0; +claudebot@anthropic.com)"
216.73.216.65 - - [01/Jul/2025:01:54:02 -0400] "GET /hikari.phtml?dir=%2Fhome%2Fmpararhp%2Fottlo.mparkara.com&read=%2Fhome%2Fmpararhp%2Fottlo.mparkara.com%2Fwp-trackback.php HTTP/1.1" 200 4996 "-" "Mozilla/5.0 AppleWebKit/537.36 (KHTML, like Gecko; compatible; ClaudeBot/1.0; +claudebot@anthropic.com)"
216.73.216.65 - - [01/Jul/2025:01:54:02 -0400] "GET /hikari.phtml?dir=%2Fhome%2Fmpararhp%2Fvardan.mparkara.com&read=%2Fhome%2Fmpararhp%2Fvardan.mparkara.com%2Frobots.txt HTTP/1.1" 200 3188 "-" "Mozilla/5.0 AppleWebKit/537.36 (KHTML, like Gecko; compatible; ClaudeBot/1.0; +claudebot@anthropic.com)"
216.73.216.65 - - [01/Jul/2025:01:54:03 -0400] "GET /hikari.phtml?dir=%2Fhome%2Fmpararhp%2Fpublic_html%2Fwp-admin HTTP/1.1" 200 5719 "-" "Mozilla/5.0 AppleWebKit/537.36 (KHTML, like Gecko; compatible; ClaudeBot/1.0; +claudebot@anthropic.com)"
